{"id":105,"date":"2017-09-14T03:31:08","date_gmt":"2017-09-14T01:31:08","guid":{"rendered":"http:\/\/voixdaunis.com\/?p=105"},"modified":"2018-02-24T02:15:03","modified_gmt":"2018-02-24T01:15:03","slug":"mentions-legales","status":"publish","type":"page","link":"https:\/\/voixdaunis.com\/index.php\/mentions-legales\/","title":{"rendered":"mentions l\u00e9gales"},"content":{"rendered":"<p>Ce site est \u00e9dit\u00e9 et diffus\u00e9 par La compagnie Voix d&#8217;Aunis, association de loi de 1901<br \/>\nSi\u00e8ge social : 3 rue des Sabli\u00e8res, 17540 Sait-Sauveur d&#8217;Aunis\u2013 France<\/p>\n<p>Num\u00e9ro de l\u2019association\u00a0: W173001175<\/p>\n<p>Date de publication des statuts au Journal Officiel \u00a0: 08\/04\/2006<\/p>\n<p>N\u00b0 Siret\u00a0\u00a0\u00a0\u00a0\u00a0\u00a0\u00a0\u00a0\u00a0\u00a0 491 632 790 000 11<\/p>\n<p>Directeur de la publication : Fabienne Cellier-Triguel<\/p>\n<p>L\u2019int\u00e9gralit\u00e9 du site est la propri\u00e9t\u00e9 exclusive de Voix d&#8217;Aunis.<br \/>\nAucune reproduction ou repr\u00e9sentation ne peut avoir lieu sans le consentement \u00e9crit et pr\u00e9alable de Voix d&#8217;Aunis.<\/p>\n<p>Cr\u00e9dit photos :\u00a0 voix d&#8217;Aunis<\/p>\n<p>Ce site internet a \u00e9t\u00e9 r\u00e9alis\u00e9 en utilisant la solution open-source WordPress.<\/p>\n<p>H\u00e9bergement : online.net<\/p>\n<p>R\u00e9alisation, d\u00e9veloppement et maintenance du site par Voix d&#8217;Aunis<\/p>\n","protected":false},"excerpt":{"rendered":"<p>Ce site est \u00e9dit\u00e9 et diffus\u00e9 par La compagnie Voix d&#8217;Aunis, association de loi de 1901 Si\u00e8ge social : 3 rue des Sabli\u00e8res, 17540 Sait-Sauveur d&#8217;Aunis\u2013 France Num\u00e9ro de l\u2019association\u00a0: W173001175 Date de publication des statuts au Journal Officiel \u00a0: &hellip; <a href=\"https:\/\/voixdaunis.com\/index.php\/mentions-legales\/\">Continuer la lecture <span class=\"meta-nav\">&rarr;<\/span><\/a><\/p>\n","protected":false},"author":1,"featured_media":0,"parent":0,"menu_order":0,"comment_status":"open","ping_status":"open","template":"","meta":{"footnotes":""},"class_list":["post-105","page","type-page","status-publish","hentry"],"_links":{"self":[{"href":"https:\/\/voixdaunis.com\/index.php\/wp-json\/wp\/v2\/pages\/105","targetHints":{"allow":["GET"]}}],"collection":[{"href":"https:\/\/voixdaunis.com\/index.php\/wp-json\/wp\/v2\/pages"}],"about":[{"href":"https:\/\/voixdaunis.com\/index.php\/wp-json\/wp\/v2\/types\/page"}],"author":[{"embeddable":true,"href":"https:\/\/voixdaunis.com\/index.php\/wp-json\/wp\/v2\/users\/1"}],"replies":[{"embeddable":true,"href":"https:\/\/voixdaunis.com\/index.php\/wp-json\/wp\/v2\/comments?post=105"}],"version-history":[{"count":2,"href":"https:\/\/voixdaunis.com\/index.php\/wp-json\/wp\/v2\/pages\/105\/revisions"}],"predecessor-version":[{"id":282,"href":"https:\/\/voixdaunis.com\/index.php\/wp-json\/wp\/v2\/pages\/105\/revisions\/282"}],"wp:attachment":[{"href":"https:\/\/voixdaunis.com\/index.php\/wp-json\/wp\/v2\/media?parent=105"}],"curies":[{"name":"wp","href":"https:\/\/api.w.org\/{rel}","templated":true}]}}

mentions légales

<p>Ce site est édité et diffusé par La compagnie Voix d&#8217;Aunis, association de loi de 1901<br />
Siège social : 3 rue des Sablières, 17540 Sait-Sauveur d&#8217;Aunis– France</p>
<p>Numéro de l’association : W173001175</p>
<p>Date de publication des statuts au Journal Officiel  : 08/04/2006</p>
<p>N° Siret           491 632 790 000 11</p>
<p>Directeur de la publication : Fabienne Cellier-Triguel</p>
<p>L’intégralité du site est la propriété exclusive de Voix d&#8217;Aunis.<br />
Aucune reproduction ou représentation ne peut avoir lieu sans le consentement écrit et préalable de Voix d&#8217;Aunis.</p>
<p>Crédit photos :  voix d&#8217;Aunis</p>
<p>Ce site internet a été réalisé en utilisant la solution open-source WordPress.</p>
<p>Hébergement : online.net</p>
<p>Réalisation, développement et maintenance du site par Voix d&#8217;Aunis</p>

<p>Ce site est édité et diffusé par La compagnie Voix d&#8217;Aunis, association de loi de 1901 Siège social : 3 rue des Sablières, 17540 Sait-Sauveur d&#8217;Aunis– France Numéro de l’association : W173001175 Date de publication des statuts au Journal Officiel  : &hellip; <a href="https://voixdaunis.com/index.php/mentions-legales/">Continuer la lecture <span class="meta-nav">&rarr;</span></a></p>
