{"id":123,"date":"2017-09-22T22:02:01","date_gmt":"2017-09-22T20:02:01","guid":{"rendered":"http:\/\/voixdaunis.com\/?page_id=123"},"modified":"2021-03-11T15:27:32","modified_gmt":"2021-03-11T14:27:32","slug":"liens-et-partenaire","status":"publish","type":"page","link":"https:\/\/voixdaunis.com\/index.php\/liens-et-partenaire\/","title":{"rendered":"Liens et partenaires"},"content":{"rendered":"<p>La Compagnie Voix d&#8217;Aunis est conventionn\u00e9e par la <a href=\"http:\/\/www.aunisatlantique.fr\/\" target=\"_blank\" rel=\"noopener noreferrer\">CDC Aunis Atlantique.<\/a><\/p>\n<p>Depuis sa cr\u00e9ation la compagnie a \u00e9t\u00e9 \u00e9galement soutenue dans ses projets par les Conseil R\u00e9gional de Poitou-Charentes, \u00a0La R\u00e9gion Nouvelle Aquitaine, le d\u00e9partement de la Charente-Maritime, le d\u00e9partement de la Vienne, le Pays d&#8217;Aunis, la CDC Aunis-Atlantique, la CDC Aunis Sud, la SPEDIDAM,&#8230;.<\/p>\n<p>Voix d&#8217;Aunis collabore depuis sa cr\u00e9ation avec la compagnie lyrique et musicale &#8220;La Boh\u00e8me&#8221;<\/p>\n<p><a href=\"http:\/\/clem-la-boheme.com\/\" target=\"_blank\" rel=\"noopener noreferrer\">www.clem-la-boheme.com<\/a><\/p>\n","protected":false},"excerpt":{"rendered":"<p>La Compagnie Voix d&#8217;Aunis est conventionn\u00e9e par la CDC Aunis Atlantique. Depuis sa cr\u00e9ation la compagnie a \u00e9t\u00e9 \u00e9galement soutenue dans ses projets par les Conseil R\u00e9gional de Poitou-Charentes, \u00a0La R\u00e9gion Nouvelle Aquitaine, le d\u00e9partement de la Charente-Maritime, le d\u00e9partement &hellip; <a href=\"https:\/\/voixdaunis.com\/index.php\/liens-et-partenaire\/\">Continuer la lecture <span class=\"meta-nav\">&rarr;<\/span><\/a><\/p>\n","protected":false},"author":1,"featured_media":0,"parent":0,"menu_order":0,"comment_status":"closed","ping_status":"closed","template":"","meta":{"footnotes":""},"class_list":["post-123","page","type-page","status-publish","hentry"],"_links":{"self":[{"href":"https:\/\/voixdaunis.com\/index.php\/wp-json\/wp\/v2\/pages\/123","targetHints":{"allow":["GET"]}}],"collection":[{"href":"https:\/\/voixdaunis.com\/index.php\/wp-json\/wp\/v2\/pages"}],"about":[{"href":"https:\/\/voixdaunis.com\/index.php\/wp-json\/wp\/v2\/types\/page"}],"author":[{"embeddable":true,"href":"https:\/\/voixdaunis.com\/index.php\/wp-json\/wp\/v2\/users\/1"}],"replies":[{"embeddable":true,"href":"https:\/\/voixdaunis.com\/index.php\/wp-json\/wp\/v2\/comments?post=123"}],"version-history":[{"count":5,"href":"https:\/\/voixdaunis.com\/index.php\/wp-json\/wp\/v2\/pages\/123\/revisions"}],"predecessor-version":[{"id":494,"href":"https:\/\/voixdaunis.com\/index.php\/wp-json\/wp\/v2\/pages\/123\/revisions\/494"}],"wp:attachment":[{"href":"https:\/\/voixdaunis.com\/index.php\/wp-json\/wp\/v2\/media?parent=123"}],"curies":[{"name":"wp","href":"https:\/\/api.w.org\/{rel}","templated":true}]}}

<p>La Compagnie Voix d&#8217;Aunis est conventionnée par la <a href="http://www.aunisatlantique.fr/" target="_blank" rel="noopener noreferrer">CDC Aunis Atlantique.</a></p>
<p>Depuis sa création la compagnie a été également soutenue dans ses projets par les Conseil Régional de Poitou-Charentes,  La Région Nouvelle Aquitaine, le département de la Charente-Maritime, le département de la Vienne, le Pays d&#8217;Aunis, la CDC Aunis-Atlantique, la CDC Aunis Sud, la SPEDIDAM,&#8230;.</p>
<p>Voix d&#8217;Aunis collabore depuis sa création avec la compagnie lyrique et musicale &#8220;La Bohème&#8221;</p>
<p><a href="http://clem-la-boheme.com/" target="_blank" rel="noopener noreferrer">www.clem-la-boheme.com</a></p>

<p>La Compagnie Voix d&#8217;Aunis est conventionnée par la CDC Aunis Atlantique. Depuis sa création la compagnie a été également soutenue dans ses projets par les Conseil Régional de Poitou-Charentes,  La Région Nouvelle Aquitaine, le département de la Charente-Maritime, le département &hellip; <a href="https://voixdaunis.com/index.php/liens-et-partenaire/">Continuer la lecture <span class="meta-nav">&rarr;</span></a></p>
