{"id":132,"date":"2017-10-26T18:36:05","date_gmt":"2017-10-26T16:36:05","guid":{"rendered":"http:\/\/voixdaunis.com\/?page_id=132"},"modified":"2019-02-27T20:24:24","modified_gmt":"2019-02-27T19:24:24","slug":"la-flute-enchantee-spectacle-jeune-public","status":"publish","type":"page","link":"https:\/\/voixdaunis.com\/index.php\/la-flute-enchantee-spectacle-jeune-public\/","title":{"rendered":"La Fl\u00fbte Enchant\u00e9e, Spectacle jeune public"},"content":{"rendered":"<p>Un conte musical et f\u00e9erique, d\u2019apr\u00e8s l&#8217;oeuvre de Mozart, pour d\u00e9couvrir l&#8217;op\u00e9ra, ses histoires d&#8217;amour et de bravoure<img loading=\"lazy\" decoding=\"async\" class=\"alignnone size-full wp-image-391\" src=\"https:\/\/voixdaunis.com\/wp-content\/uploads\/2019\/01\/papagueno_papaguena_largeur.jpg\" alt=\"Fl\u00fbte enchant\u00e9e, conte musical\" width=\"5202\" height=\"3465\" srcset=\"https:\/\/voixdaunis.com\/wp-content\/uploads\/2019\/01\/papagueno_papaguena_largeur.jpg 5202w, https:\/\/voixdaunis.com\/wp-content\/uploads\/2019\/01\/papagueno_papaguena_largeur-300x200.jpg 300w, https:\/\/voixdaunis.com\/wp-content\/uploads\/2019\/01\/papagueno_papaguena_largeur-768x512.jpg 768w, https:\/\/voixdaunis.com\/wp-content\/uploads\/2019\/01\/papagueno_papaguena_largeur-1024x682.jpg 1024w, https:\/\/voixdaunis.com\/wp-content\/uploads\/2019\/01\/papagueno_papaguena_largeur-450x300.jpg 450w, https:\/\/voixdaunis.com\/wp-content\/uploads\/2019\/01\/papagueno_papaguena_largeur-1320x879.jpg 1320w\" sizes=\"auto, (max-width: 5202px) 100vw, 5202px\" \/><\/p>\n<p><strong>Synopsis<\/strong> : Ouvrez grands les yeux et les oreilles : <strong>sur sc\u00e8ne une chanteuse d\u2019op\u00e9ra, conteuse\u00a0!<\/strong> <strong>un violon, une fl\u00fbte, un arbre o\u00f9 se cache de dr\u00f4les d\u2019instruments de musique, un serpent, des marionnettes\u00a0et un livre grandeur nature<\/strong> nous emm\u00e8nent dans un pays peupl\u00e9 de princesses, de temples, de cr\u00e9atures \u00e9tranges, o\u00f9 humour et noblesse riment avec amour, malice et magie.La mise en sc\u00e8ne surprend et transporte les enfants \u00e0 travers la musique, le chant et les sentiments\u00a0: agr\u00e9ment\u00e9e de vid\u00e9os pour les plus grands, elle fait plonger <em>dans l\u2019univers f\u00e9erique<\/em> de \u00ab\u00a0La Fl\u00fbte Enchant\u00e9e\u00a0\u00bb, le c\u00e9l\u00e8bre op\u00e9ra de Mozart\u00a0o\u00f9 po\u00e9sie, personnages improbables, l\u00e9g\u00e8ret\u00e9 et profondeur sont de rigueur !<\/p>\n<p><strong>Version pour les 6-11 ans<\/strong> : 50 minutes<\/p>\n<p><strong>Version pour les 3-6 ans &amp; 18-36 mois<\/strong>\u00a0: 30 minutes (cr\u00e9ation 2017) ;<a href=\"http:\/\/voixdaunis.com\/index.php\/2017\/11\/09\/la-flute-enchantee-pour-les-tout-petits\/\" target=\"_blank\" rel=\"noopener\"> presse<\/a><\/p>\n<p><strong>PROJET OPERA :<\/strong>\u00a0ateliers de chant et outils p\u00e9dagogiques, voir ci-dessous<\/p>\n<p><strong>\u00a0Artiste Lyrique, violoniste et conteuse<\/strong> :\u00a0\u00a0Fabienne Cellier-Triguel<\/p>\n<p><strong>Conception marionnette<\/strong> : Elisabeth Moynet<\/p>\n<p><strong>Th\u00e8mes abord\u00e9s<\/strong> : <em>Eveil musical et d\u00e9couverte de l&#8217;op\u00e9ra :\u00a0voix lyrique, violon, petits instruments de musique, vid\u00e9os pour les plus grands ; le conte ; es \u00e9motions, les sentiments,\u00a0 la patience, les \u00e9preuves, la lumi\u00e8re et l&#8217;amour&#8230;.<\/em><\/p>\n<p><strong>Les personnages :\u00a0<\/strong><em> le Prince Tamino et la\u00a0 Princesse Pamina ; Papagueno, l&#8217;oiseleur, sa Papaguena et les petits papapapapagueno&#8230;.; Sarastro, compagnon de la lumi\u00e8re, et La mal\u00e9fique Reine de La Nuit<\/em><\/p>\n<p><strong>Labellisation du d\u00e9partement de la\u00a0 Vienne 2018<\/strong> : fiche spectacle\u00a0<a href=\"https:\/\/voixdaunis.com\/wp-content\/uploads\/2019\/01\/La-flute-enchantee-VOIX-D-AUNIS-1.pdf\" target=\"_blank\" rel=\"noopener\">cliquez ici<\/a><\/p>\n<p><strong>Dossier artistique et dossier p\u00e9dagogique<\/strong> : <a href=\"http:\/\/voixdaunis.com\/wp-content\/uploads\/2017\/10\/flute_enchantee_dossier_artistique.pdf\" target=\"_blank\" rel=\"noopener\">cliquez ici<\/a><\/p>\n<p><strong>Fiche technique : <\/strong><a href=\"https:\/\/voixdaunis.com\/wp-content\/uploads\/2019\/02\/fiche-technique_flute_enchantee.pdf\" target=\"_blank\" rel=\"noopener\">cliquez ici<\/a><\/p>\n<p>Dans le dossier p\u00e9dagogique, nous proposons aux enseignants un<\/p>\n<p><strong>PROJET OPERA : chant,\u00a0 art (d\u00e9cors), filmographies, livres, vid\u00e9os de l&#8217;op\u00e9ra<\/strong><\/p>\n<p>Et pour pr\u00e9parer les enfants en chant, lien ci-dessous, avec les partitions, paroles et mp3<\/p>\n<p><a href=\"https:\/\/www.dropbox.com\/sh\/djyxr8s7zar6348\/AADR-GdVDMvrOEtf-gDi3mjga?dl=0\" target=\"_blank\" rel=\"noopener\">https:\/\/www.dropbox.com\/sh\/djyxr8s7zar6348\/AADR-GdVDMvrOEtf-gDi3mjga?dl=0<\/a><\/p>\n<p><img loading=\"lazy\" decoding=\"async\" class=\"size-full wp-image-134 aligncenter\" src=\"http:\/\/voixdaunis.com\/wp-content\/uploads\/2017\/10\/oiseau.jpg\" alt=\"\" width=\"205\" height=\"212\" \/><\/p>\n<p>&nbsp;<\/p>\n<p>&nbsp;<\/p>\n<p>Visuel : Princesse Pamina \u00a9 bruniewska\/fotolia<\/p>\n<p>&nbsp;<\/p>\n<p>&nbsp;<\/p>\n<p>&nbsp;<\/p>\n<p style=\"text-align: center;\">\n","protected":false},"excerpt":{"rendered":"<p>Un conte musical et f\u00e9erique, d\u2019apr\u00e8s l&#8217;oeuvre de Mozart, pour d\u00e9couvrir l&#8217;op\u00e9ra, ses histoires d&#8217;amour et de bravoure Synopsis : Ouvrez grands les yeux et les oreilles : sur sc\u00e8ne une chanteuse d\u2019op\u00e9ra, conteuse\u00a0! un violon, une fl\u00fbte, un arbre &hellip; <a href=\"https:\/\/voixdaunis.com\/index.php\/la-flute-enchantee-spectacle-jeune-public\/\">Continuer la lecture <span class=\"meta-nav\">&rarr;<\/span><\/a><\/p>\n","protected":false},"author":1,"featured_media":0,"parent":0,"menu_order":0,"comment_status":"closed","ping_status":"closed","template":"","meta":{"footnotes":""},"class_list":["post-132","page","type-page","status-publish","hentry"],"_links":{"self":[{"href":"https:\/\/voixdaunis.com\/index.php\/wp-json\/wp\/v2\/pages\/132","targetHints":{"allow":["GET"]}}],"collection":[{"href":"https:\/\/voixdaunis.com\/index.php\/wp-json\/wp\/v2\/pages"}],"about":[{"href":"https:\/\/voixdaunis.com\/index.php\/wp-json\/wp\/v2\/types\/page"}],"author":[{"embeddable":true,"href":"https:\/\/voixdaunis.com\/index.php\/wp-json\/wp\/v2\/users\/1"}],"replies":[{"embeddable":true,"href":"https:\/\/voixdaunis.com\/index.php\/wp-json\/wp\/v2\/comments?post=132"}],"version-history":[{"count":21,"href":"https:\/\/voixdaunis.com\/index.php\/wp-json\/wp\/v2\/pages\/132\/revisions"}],"predecessor-version":[{"id":399,"href":"https:\/\/voixdaunis.com\/index.php\/wp-json\/wp\/v2\/pages\/132\/revisions\/399"}],"wp:attachment":[{"href":"https:\/\/voixdaunis.com\/index.php\/wp-json\/wp\/v2\/media?parent=132"}],"curies":[{"name":"wp","href":"https:\/\/api.w.org\/{rel}","templated":true}]}}