{"id":170,"date":"2018-02-02T21:30:44","date_gmt":"2018-02-02T20:30:44","guid":{"rendered":"http:\/\/voixdaunis.com\/?page_id=170"},"modified":"2025-03-12T18:49:00","modified_gmt":"2025-03-12T17:49:00","slug":"hildegarde-de-bingen","status":"publish","type":"page","link":"https:\/\/voixdaunis.com\/index.php\/hildegarde-de-bingen\/","title":{"rendered":"Hildegarde de Bingen"},"content":{"rendered":"<p><span style=\"color: #008000;\"><strong>CONCERTS &amp; SPECTACLES, STAGES, CONF\u00c9RENCE, ATELIERS<\/strong><\/span><\/p>\n<p>Hildegard Von Bingen, abbesse du XIIe si\u00e8cle, fut un personnage important et a correspondu avec les plus grands acteurs politiques et religieux de son si\u00e8cle ; habit\u00e9e depuis son enfance par des visions c\u00e9lestes, elle signe une abondante litt\u00e9rature autour de la m\u00e9decine, de la biologie et de la th\u00e9ologie, dans une po\u00e9tique propre \u00e0 son si\u00e8cle. <span style=\"color: #008000;\"><strong>Sa <span style=\"color: #008000;\">sensibilit\u00e9,<\/span> notamment pour l\u2019\u00e9cologie et la m\u00e9decine, reste d\u2019actualit\u00e9.\u00a0 <\/strong><\/span>A 42 ans, elle compose pour ses moniales des chants inspir\u00e9s par le Divin. <a href=\"https:\/\/www.facebook.com\/fabienne.celliertriguel\/videos\/2990059954341403\" target=\"_blank\" rel=\"noopener\">Mots d&#8217;Hildegarde<\/a> ; <a href=\"https:\/\/www.facebook.com\/fabienne.celliertriguel\/videos\/2935031676510898\" target=\"_blank\" rel=\"noopener\">Recette d&#8217;Hildegarde<\/a> pour \u00e9claircir sa vue&#8230;(extraits du concert A Cappella)<\/p>\n<p><strong>Concert cont\u00e9 et chant\u00e9 : A Cappella autour d&#8217;Hildegarde de Bingen (XIIe)<\/strong><\/p>\n<p>Site a Cappella :\u00a0 <a href=\"http:\/\/www.concert-acappella.com\/a%20cappella%20hildegard%20von%20bingen.htm\" target=\"_blank\" rel=\"noopener\">cliquez\u00a0\u00a0<\/a>\u00a0 \u00a0 \u00a0 Extraits vid\u00e9o :\u00a0 chant Caritas\u00a0\u00a0<a href=\"https:\/\/www.youtube.com\/watch?v=4hz_dqHX0MY&amp;feature=youtu.be\" target=\"_blank\" rel=\"noopener\">cliquez\u00a0\u00a0<\/a>\u00a0 \u00a0 \u00a0 \u00a0textes\u00a0\u00a0<a href=\"https:\/\/www.youtube.com\/watch?v=DXfqSXY7r1c\" target=\"_blank\" rel=\"noopener\">cliquez<\/a><\/p>\n<p>Dossier artistique :<a href=\"http:\/\/voixdaunis.com\/wp-content\/uploads\/2018\/02\/Dossier-artistique-Hildegard-de-Bingen.pdf\" target=\"_blank\" rel=\"noopener\"> cliquez\u00a0 <\/a>\u00a0 \u00a0 \u00a0 Emission radio RCF\u00a0 : <a href=\"http:\/\/www.concert-acappella.com\/hildegarde\/interviewarsvjuin10.mp3\" target=\"_blank\" rel=\"noopener\">cliquez<\/a><\/p>\n<p><strong>Concert m\u00e9ditatif : Hildegarde, source de vie <\/strong>(cr\u00e9ation 2021-2022)<\/p>\n<p><strong>La l\u00e9gende d&#8217;Hildegarde,<\/strong> conte musical et voyage sonore pour les enfants<\/p>\n<div><b>Synopis<\/b><\/div>\n<div>En cercle, assis en lotus,\u00a0 puis allong\u00e9s sur des petits tapis en p\u00e9tales de fleurs, les enfants se laissent guider par le conte, le chant, la musique, le souffle et les gestes du yoga du son, les instruments intuitifs&#8230;\u00a0 \u00a0Les bruits du feu, des oiseaux, de la mer et de la pluie, accompagnent le conte et la musique, pour\u00a0 pr\u00e9parer au calme, au voyage sonore po\u00e9tique et m\u00e9ditatif, au\u00a0r\u00e9veil en douceur.\u00a0Les cr\u00e9pitements du feu am\u00e8nent\u00a0les enfants \u00e0 \u00e9couter, \u00e0 \u00a0souffler et \u00e0 chanter ! Le conte de Brahma conduit au tr\u00e9sor du coeur\u2026Le conte d\u2019Hildegarde, avec \u00ab\u00a0sa recette du g\u00e2teau de la joie\u00a0\u00bb, murmure la nature, la beaut\u00e9 et l\u2019harmonie\u2026<\/div>\n<p>Teaser:\u00a0 https:\/\/youtu.be\/4G5ZLoORCQs<\/p>\n<p><strong>Spectacle m\u00e9di\u00e9val (rue ou salle) : Dames troubadours, femmes du XIIe<\/strong><\/p>\n<p>Site : <a href=\"http:\/\/voixdaunis.com\/index.php\/dames-troubadours-femmes-du-xiie\/\" target=\"_blank\" rel=\"noopener\">cliquez\u00a0<\/a> \u00a0 \u00a0 Dossier artistique : <a href=\"http:\/\/voixdaunis.com\/wp-content\/uploads\/2018\/02\/dossier_damestroubadours17.pdf\" target=\"_blank\" rel=\"noopener\">cliquez ici<\/a>\u00a0 \u00a0Extraits vid\u00e9o :\u00a0 chant O Beata\u00a0 \u00a0<a href=\"https:\/\/www.youtube.com\/watch?time_continue=94&amp;v=5eN8x8tHFwM\" target=\"_blank\" rel=\"noopener\">cliquez<\/a><\/p>\n<p>Interpr\u00e8tes, 1 \u00e0 2 et 1 technicien lumi\u00e8re : Fabienne Cellier-Triguel, soprano ; Catherine Schroeder, alto ; Sylvie Peteilh, com\u00e9dienne ; temps 55 min par programme sans entracte.\u00a0 Dans le cadre d&#8217;un stage,\u00a0 une seconde partie peut \u00eatre chant\u00e9e par les stagiaires.<\/p>\n<p><strong>STAGES : chanter Hildegarde ; m\u00e9diter avec Hildegarde&#8230;.<\/strong><\/p>\n<p>Th\u00e8mes des stages programm\u00e9s ou sur demande<\/p>\n<p>Les chants d&#8217;Hildegarde<\/p>\n<p>Chants sacr\u00e9s et mantras d&#8217;hildegarde, yoga du son<\/p>\n<p>Yoga et chants sacr\u00e9s<\/p>\n<p>Chants spontan\u00e9s et chants sacr\u00e9s<\/p>\n<p>Chants sacr\u00e9s et conscience corporelle<\/p>\n<p>Chant m\u00e9di\u00e9val et conscience corporelle (du 22 au 24 octobre 2018 \u00e0 l&#8217;abbaye de Fontdouce) (17)<\/p>\n<p>Marche et chant gr\u00e9gorien (du 10 au 12 juillet 2018) \u00e0 l&#8217;abbaye de Fontdouce (17)<\/p>\n<p>Intervenantes 1 \u00e0 5 :\u00a0 Fabienne Cellier-Triguel, soprano ; Christine Wahl, conscience corporelle) ; Christina Larrell, Hatha yoga et yoga du son ; Marie-Armelle Meunier, <a href=\"https:\/\/le-chant-spontane.com\/\" target=\"_blank\" rel=\"noopener\">chant spontan\u00e9 <\/a>; Catherine Schroeder, alto<\/p>\n<p>Les chants d&#8217;Hildegarde\u00a0 sont appris par transmission orale, sans ou avec partitions des neumes.<\/p>\n<p>Nos prochaines dates de stages : <a href=\"http:\/\/voixdaunis.com\/index.php\/category\/stage-de-chant\/\" target=\"_blank\" rel=\"noopener\">cliquez<\/a><\/p>\n<p><strong>CONFERENCE<\/strong><\/p>\n<p>&#8220;Hildegarde une femme Hors Normes&#8221; concert-conf\u00e9rence avec Anne Billy, conf\u00e9renci\u00e8re, historienne et Fabienne Cellier-Triguel, artiste lyrique.<\/p>\n<p>&#8220;Les vertus du chant inspir\u00e9&#8221;\u00a0Marie-Armelle Meunier (conf\u00e9renci\u00e8re et <a href=\"https:\/\/le-chant-spontane.com\/\" target=\"_blank\" rel=\"noopener\">chant spontan\u00e9<\/a>)\u00a0 et Fabienne Cellier-Triguel (soprano)<\/p>\n<p><strong>ATELIERS POUR LES ENFANTS<\/strong><\/p>\n<p>Chants et mots d&#8217;Hildegarde (th\u00e8me de l&#8217;\u00e9cologie et de la nature)<\/p>\n<p>1 s\u00e9ance de sensibilisation ou 3 s\u00e9ances pouvant conduire \u00e0 une petite production des enfants : \u00e9crits des enfants et chants sur les th\u00e8mes de la nature et de l&#8217;\u00e9cologie d&#8217;Hildegarde, instruments et improvisation.<\/p>\n<p>&amp;Chant spontan\u00e9<\/p>\n<p>&amp;Yoga du son<\/p>\n<p>&amp;Les bases du souffle et de la voix : projette et vie ta voix !<\/p>\n<p>Fiche action culturelle : <a href=\"http:\/\/voixdaunis.com\/wp-content\/uploads\/2018\/02\/action_culturelle_-Hildegarde.pdf\" target=\"_blank\" rel=\"noopener\">cliquez<\/a><\/p>\n<div id=\"attachment_36\" style=\"width: 534px\" class=\"wp-caption aligncenter\"><a href=\"https:\/\/www.youtube.com\/watch?v=4hz_dqHX0MY&amp;feature=youtu.be\" target=\"_blank\" rel=\"noopener\"><img loading=\"lazy\" decoding=\"async\" aria-describedby=\"caption-attachment-36\" class=\"size-full wp-image-36\" src=\"http:\/\/voixdaunis.com\/wp-content\/uploads\/2017\/09\/stge_hildegard_publication_dim.jpg\" alt=\"Fabienne Cellier-Triguel, interpr\u00e8te Hildegarde de Bingen \u00e0 Surg\u00e8res\" width=\"524\" height=\"788\" srcset=\"https:\/\/voixdaunis.com\/wp-content\/uploads\/2017\/09\/stge_hildegard_publication_dim.jpg 524w, https:\/\/voixdaunis.com\/wp-content\/uploads\/2017\/09\/stge_hildegard_publication_dim-199x300.jpg 199w\" sizes=\"auto, (max-width: 524px) 100vw, 524px\" \/><\/a><p id=\"caption-attachment-36\" class=\"wp-caption-text\">Fabienne Cellier-Triguel, interpr\u00e8te Hildegarde de Bingen \u00e0 Surg\u00e8res<\/p><\/div>\n","protected":false},"excerpt":{"rendered":"<p>CONCERTS &amp; SPECTACLES, STAGES, CONF\u00c9RENCE, ATELIERS Hildegard Von Bingen, abbesse du XIIe si\u00e8cle, fut un personnage important et a correspondu avec les plus grands acteurs politiques et religieux de son si\u00e8cle ; habit\u00e9e depuis son enfance par des visions c\u00e9lestes, &hellip; <a href=\"https:\/\/voixdaunis.com\/index.php\/hildegarde-de-bingen\/\">Continuer la lecture <span class=\"meta-nav\">&rarr;<\/span><\/a><\/p>\n","protected":false},"author":1,"featured_media":0,"parent":0,"menu_order":0,"comment_status":"closed","ping_status":"closed","template":"","meta":{"footnotes":""},"class_list":["post-170","page","type-page","status-publish","hentry"],"_links":{"self":[{"href":"https:\/\/voixdaunis.com\/index.php\/wp-json\/wp\/v2\/pages\/170","targetHints":{"allow":["GET"]}}],"collection":[{"href":"https:\/\/voixdaunis.com\/index.php\/wp-json\/wp\/v2\/pages"}],"about":[{"href":"https:\/\/voixdaunis.com\/index.php\/wp-json\/wp\/v2\/types\/page"}],"author":[{"embeddable":true,"href":"https:\/\/voixdaunis.com\/index.php\/wp-json\/wp\/v2\/users\/1"}],"replies":[{"embeddable":true,"href":"https:\/\/voixdaunis.com\/index.php\/wp-json\/wp\/v2\/comments?post=170"}],"version-history":[{"count":22,"href":"https:\/\/voixdaunis.com\/index.php\/wp-json\/wp\/v2\/pages\/170\/revisions"}],"predecessor-version":[{"id":1082,"href":"https:\/\/voixdaunis.com\/index.php\/wp-json\/wp\/v2\/pages\/170\/revisions\/1082"}],"wp:attachment":[{"href":"https:\/\/voixdaunis.com\/index.php\/wp-json\/wp\/v2\/media?parent=170"}],"curies":[{"name":"wp","href":"https:\/\/api.w.org\/{rel}","templated":true}]}}

<p><span style="color: #008000;"><strong>CONCERTS &amp; SPECTACLES, STAGES, CONFÉRENCE, ATELIERS</strong></span></p>
<p>Hildegard Von Bingen, abbesse du XIIe siècle, fut un personnage important et a correspondu avec les plus grands acteurs politiques et religieux de son siècle ; habitée depuis son enfance par des visions célestes, elle signe une abondante littérature autour de la médecine, de la biologie et de la théologie, dans une poétique propre à son siècle. <span style="color: #008000;"><strong>Sa <span style="color: #008000;">sensibilité,</span> notamment pour l’écologie et la médecine, reste d’actualité.  </strong></span>A 42 ans, elle compose pour ses moniales des chants inspirés par le Divin. <a href="https://www.facebook.com/fabienne.celliertriguel/videos/2990059954341403" target="_blank" rel="noopener">Mots d&#8217;Hildegarde</a> ; <a href="https://www.facebook.com/fabienne.celliertriguel/videos/2935031676510898" target="_blank" rel="noopener">Recette d&#8217;Hildegarde</a> pour éclaircir sa vue&#8230;(extraits du concert A Cappella)</p>
<p><strong>Concert conté et chanté : A Cappella autour d&#8217;Hildegarde de Bingen (XIIe)</strong></p>
<p>Site a Cappella :  <a href="http://www.concert-acappella.com/a%20cappella%20hildegard%20von%20bingen.htm" target="_blank" rel="noopener">cliquez  </a>      Extraits vidéo :  chant Caritas  <a href="https://www.youtube.com/watch?v=4hz_dqHX0MY&amp;feature=youtu.be" target="_blank" rel="noopener">cliquez  </a>       textes  <a href="https://www.youtube.com/watch?v=DXfqSXY7r1c" target="_blank" rel="noopener">cliquez</a></p>
<p>Dossier artistique :<a href="http://voixdaunis.com/wp-content/uploads/2018/02/Dossier-artistique-Hildegard-de-Bingen.pdf" target="_blank" rel="noopener"> cliquez  </a>      Emission radio RCF  : <a href="http://www.concert-acappella.com/hildegarde/interviewarsvjuin10.mp3" target="_blank" rel="noopener">cliquez</a></p>
<p><strong>Concert méditatif : Hildegarde, source de vie </strong>(création 2021-2022)</p>
<p><strong>La légende d&#8217;Hildegarde,</strong> conte musical et voyage sonore pour les enfants</p>
<div><b>Synopis</b></div>
<div>En cercle, assis en lotus,  puis allongés sur des petits tapis en pétales de fleurs, les enfants se laissent guider par le conte, le chant, la musique, le souffle et les gestes du yoga du son, les instruments intuitifs&#8230;   Les bruits du feu, des oiseaux, de la mer et de la pluie, accompagnent le conte et la musique, pour  préparer au calme, au voyage sonore poétique et méditatif, au réveil en douceur. Les crépitements du feu amènent les enfants à écouter, à  souffler et à chanter ! Le conte de Brahma conduit au trésor du coeur…Le conte d’Hildegarde, avec « sa recette du gâteau de la joie », murmure la nature, la beauté et l’harmonie…</div>
<p>Teaser:  https://youtu.be/4G5ZLoORCQs</p>
<p><strong>Spectacle médiéval (rue ou salle) : Dames troubadours, femmes du XIIe</strong></p>
<p>Site : <a href="http://voixdaunis.com/index.php/dames-troubadours-femmes-du-xiie/" target="_blank" rel="noopener">cliquez </a>     Dossier artistique : <a href="http://voixdaunis.com/wp-content/uploads/2018/02/dossier_damestroubadours17.pdf" target="_blank" rel="noopener">cliquez ici</a>   Extraits vidéo :  chant O Beata   <a href="https://www.youtube.com/watch?time_continue=94&amp;v=5eN8x8tHFwM" target="_blank" rel="noopener">cliquez</a></p>
<p>Interprètes, 1 à 2 et 1 technicien lumière : Fabienne Cellier-Triguel, soprano ; Catherine Schroeder, alto ; Sylvie Peteilh, comédienne ; temps 55 min par programme sans entracte.  Dans le cadre d&#8217;un stage,  une seconde partie peut être chantée par les stagiaires.</p>
<p><strong>STAGES : chanter Hildegarde ; méditer avec Hildegarde&#8230;.</strong></p>
<p>Thèmes des stages programmés ou sur demande</p>
<p>Les chants d&#8217;Hildegarde</p>
<p>Chants sacrés et mantras d&#8217;hildegarde, yoga du son</p>
<p>Yoga et chants sacrés</p>
<p>Chants spontanés et chants sacrés</p>
<p>Chants sacrés et conscience corporelle</p>
<p>Chant médiéval et conscience corporelle (du 22 au 24 octobre 2018 à l&#8217;abbaye de Fontdouce) (17)</p>
<p>Marche et chant grégorien (du 10 au 12 juillet 2018) à l&#8217;abbaye de Fontdouce (17)</p>
<p>Intervenantes 1 à 5 :  Fabienne Cellier-Triguel, soprano ; Christine Wahl, conscience corporelle) ; Christina Larrell, Hatha yoga et yoga du son ; Marie-Armelle Meunier, <a href="https://le-chant-spontane.com/" target="_blank" rel="noopener">chant spontané </a>; Catherine Schroeder, alto</p>
<p>Les chants d&#8217;Hildegarde  sont appris par transmission orale, sans ou avec partitions des neumes.</p>
<p>Nos prochaines dates de stages : <a href="http://voixdaunis.com/index.php/category/stage-de-chant/" target="_blank" rel="noopener">cliquez</a></p>
<p><strong>CONFERENCE</strong></p>
<p>&#8220;Hildegarde une femme Hors Normes&#8221; concert-conférence avec Anne Billy, conférencière, historienne et Fabienne Cellier-Triguel, artiste lyrique.</p>
<p>&#8220;Les vertus du chant inspiré&#8221; Marie-Armelle Meunier (conférencière et <a href="https://le-chant-spontane.com/" target="_blank" rel="noopener">chant spontané</a>)  et Fabienne Cellier-Triguel (soprano)</p>
<p><strong>ATELIERS POUR LES ENFANTS</strong></p>
<p>Chants et mots d&#8217;Hildegarde (thème de l&#8217;écologie et de la nature)</p>
<p>1 séance de sensibilisation ou 3 séances pouvant conduire à une petite production des enfants : écrits des enfants et chants sur les thèmes de la nature et de l&#8217;écologie d&#8217;Hildegarde, instruments et improvisation.</p>
<p>&amp;Chant spontané</p>
<p>&amp;Yoga du son</p>
<p>&amp;Les bases du souffle et de la voix : projette et vie ta voix !</p>
<p>Fiche action culturelle : <a href="http://voixdaunis.com/wp-content/uploads/2018/02/action_culturelle_-Hildegarde.pdf" target="_blank" rel="noopener">cliquez</a></p>
<div id="attachment_36" style="width: 534px" class="wp-caption aligncenter"><a href="https://www.youtube.com/watch?v=4hz_dqHX0MY&amp;feature=youtu.be" target="_blank" rel="noopener"><img loading="lazy" decoding="async" aria-describedby="caption-attachment-36" class="size-full wp-image-36" src="http://voixdaunis.com/wp-content/uploads/2017/09/stge_hildegard_publication_dim.jpg" alt="Fabienne Cellier-Triguel, interprète Hildegarde de Bingen à Surgères" width="524" height="788" srcset="https://voixdaunis.com/wp-content/uploads/2017/09/stge_hildegard_publication_dim.jpg 524w, https://voixdaunis.com/wp-content/uploads/2017/09/stge_hildegard_publication_dim-199x300.jpg 199w" sizes="auto, (max-width: 524px) 100vw, 524px" /></a><p id="caption-attachment-36" class="wp-caption-text">Fabienne Cellier-Triguel, interprète Hildegarde de Bingen à Surgères</p></div>

<p>CONCERTS &amp; SPECTACLES, STAGES, CONFÉRENCE, ATELIERS Hildegard Von Bingen, abbesse du XIIe siècle, fut un personnage important et a correspondu avec les plus grands acteurs politiques et religieux de son siècle ; habitée depuis son enfance par des visions célestes, &hellip; <a href="https://voixdaunis.com/index.php/hildegarde-de-bingen/">Continuer la lecture <span class="meta-nav">&rarr;</span></a></p>
