{"id":210,"date":"2018-02-23T22:21:39","date_gmt":"2018-02-23T21:21:39","guid":{"rendered":"http:\/\/voixdaunis.com\/?p=210"},"modified":"2022-06-04T17:38:13","modified_gmt":"2022-06-04T15:38:13","slug":"spectacles-lyriques-et-projet-opera","status":"publish","type":"page","link":"https:\/\/voixdaunis.com\/index.php\/spectacles-lyriques-et-projet-opera\/","title":{"rendered":"Spectacles lyriques"},"content":{"rendered":"<p><strong><span style=\"color: #800000;\"><em>Vous \u00eates programmateurs ou recherchez un spectacle lyrique\u00a0 : <\/em><\/span><\/strong><\/p>\n<p style=\"text-align: center;\"><strong>Programmez des spectacles ou r\u00e9citals lyriques :\u00a0\u00a0<\/strong><\/p>\n<p style=\"text-align: center;\">Cliquez-ici :\u00a0<strong><a href=\"http:\/\/clem-la-boheme.com\/\" target=\"_blank\" rel=\"noopener\">Tout public<\/a> ou <a href=\"http:\/\/voixdaunis.com\/index.php\/la-flute-enchantee-spectacle-jeune-public\/\" target=\"_blank\" rel=\"noopener\">Jeune Public\u00a0<\/a><\/strong><\/p>\n<p><strong><span style=\"color: #800000;\">Vous \u00eates une structure scolaire ou musicale, une structure active sur son territoire (communaut\u00e9 de communes, commune, association), une biblioth\u00e8que, un ch\u0153ur, un conservatoire :\u00a0<\/span><\/strong><\/p>\n<p style=\"text-align: center;\"><strong>Projet OPERA<\/strong><\/p>\n<p style=\"text-align: center;\">\n<div id=\"attachment_211\" style=\"width: 521px\" class=\"wp-caption aligncenter\"><img loading=\"lazy\" decoding=\"async\" aria-describedby=\"caption-attachment-211\" class=\"wp-image-211 size-full\" src=\"http:\/\/voixdaunis.com\/wp-content\/uploads\/2018\/02\/orphee_stpierre_eldorado14.jpg\" alt=\"Op\u00e9ra Orph\u00e9e et Eurydice \u00e0 Ol\u00e9ron\" width=\"511\" height=\"350\" srcset=\"https:\/\/voixdaunis.com\/wp-content\/uploads\/2018\/02\/orphee_stpierre_eldorado14.jpg 511w, https:\/\/voixdaunis.com\/wp-content\/uploads\/2018\/02\/orphee_stpierre_eldorado14-300x205.jpg 300w, https:\/\/voixdaunis.com\/wp-content\/uploads\/2018\/02\/orphee_stpierre_eldorado14-438x300.jpg 438w\" sizes=\"auto, (max-width: 511px) 100vw, 511px\" \/><p id=\"caption-attachment-211\" class=\"wp-caption-text\">Orph\u00e9e et Eurydice de Gluck \u00e0 l&#8217;\u00eele Ol\u00e9ron en 2014 : <span style=\"color: #800000;\"><strong>150 choristes et enfants,<\/strong> <strong>24 musiciens professionnels et amateurs, une \u00e9quipe artistique et technique professionnelle<\/strong><\/span> : PROJET OPERA de Voix d&#8217;Aunis programm\u00e9 et organis\u00e9 par l&#8217;\u00e9cole de musique Intercommunale de l&#8217;\u00efle d&#8217;Ol\u00e9ron pour son territoire (3 spectacles programm\u00e9s, participation des enfants et adultes de l&#8217;\u00e9cole de musique, enfants de diff\u00e9rentes structures scolaires de l\u2019\u00eele, participation de diff\u00e9rentes chorales et partenariat avec le conservatoire de musique de la CDC Aunis-Sud \u00e0 Surg\u00e8res. En 2015-2016, le PROJET OPERA a \u00e9t\u00e9 reconduit sur l&#8217;\u00eele autour de Cocktail d&#8217;Op\u00e9ra et en 2018, ce sera autour de la Grande Guerre et de Pace14-18, vers une conscience de Paix. Ces projets se sont aussi d\u00e9roul\u00e9s en Charente Maritime, sur le territoire de l&#8217;Aunis en milieu rural, de la Rochelle, et en Deux S\u00e8vres.\u00a0<span style=\"color: #800000;\"><strong>PROJET OPERA, projet culturel, f\u00e9d\u00e9rateur, ouvert, permettant une dynamique de vivre ensemble, des projets de territoire, une d\u00e9couverte de l&#8217;op\u00e9ra et du chant, rassemblant adultes, adolescents, enfants, structures locales pour un public amateur, connaisseur ou familial.<\/strong><\/span><\/p><\/div>\n","protected":false},"excerpt":{"rendered":"<p>Vous \u00eates programmateurs ou recherchez un spectacle lyrique\u00a0 : Programmez des spectacles ou r\u00e9citals lyriques :\u00a0\u00a0 Cliquez-ici :\u00a0Tout public ou Jeune Public\u00a0 Vous \u00eates une structure scolaire ou musicale, une structure active sur son territoire (communaut\u00e9 de communes, commune, association), &hellip; <a href=\"https:\/\/voixdaunis.com\/index.php\/spectacles-lyriques-et-projet-opera\/\">Continuer la lecture <span class=\"meta-nav\">&rarr;<\/span><\/a><\/p>\n","protected":false},"author":1,"featured_media":0,"parent":0,"menu_order":0,"comment_status":"open","ping_status":"open","template":"","meta":{"footnotes":""},"class_list":["post-210","page","type-page","status-publish","hentry"],"_links":{"self":[{"href":"https:\/\/voixdaunis.com\/index.php\/wp-json\/wp\/v2\/pages\/210","targetHints":{"allow":["GET"]}}],"collection":[{"href":"https:\/\/voixdaunis.com\/index.php\/wp-json\/wp\/v2\/pages"}],"about":[{"href":"https:\/\/voixdaunis.com\/index.php\/wp-json\/wp\/v2\/types\/page"}],"author":[{"embeddable":true,"href":"https:\/\/voixdaunis.com\/index.php\/wp-json\/wp\/v2\/users\/1"}],"replies":[{"embeddable":true,"href":"https:\/\/voixdaunis.com\/index.php\/wp-json\/wp\/v2\/comments?post=210"}],"version-history":[{"count":6,"href":"https:\/\/voixdaunis.com\/index.php\/wp-json\/wp\/v2\/pages\/210\/revisions"}],"predecessor-version":[{"id":627,"href":"https:\/\/voixdaunis.com\/index.php\/wp-json\/wp\/v2\/pages\/210\/revisions\/627"}],"wp:attachment":[{"href":"https:\/\/voixdaunis.com\/index.php\/wp-json\/wp\/v2\/media?parent=210"}],"curies":[{"name":"wp","href":"https:\/\/api.w.org\/{rel}","templated":true}]}}

<p><strong><span style="color: #800000;"><em>Vous êtes programmateurs ou recherchez un spectacle lyrique  : </em></span></strong></p>
<p style="text-align: center;"><strong>Programmez des spectacles ou récitals lyriques :  </strong></p>
<p style="text-align: center;">Cliquez-ici : <strong><a href="http://clem-la-boheme.com/" target="_blank" rel="noopener">Tout public</a> ou <a href="http://voixdaunis.com/index.php/la-flute-enchantee-spectacle-jeune-public/" target="_blank" rel="noopener">Jeune Public </a></strong></p>
<p><strong><span style="color: #800000;">Vous êtes une structure scolaire ou musicale, une structure active sur son territoire (communauté de communes, commune, association), une bibliothèque, un chœur, un conservatoire : </span></strong></p>
<p style="text-align: center;"><strong>Projet OPERA</strong></p>
<p style="text-align: center;">
<div id="attachment_211" style="width: 521px" class="wp-caption aligncenter"><img loading="lazy" decoding="async" aria-describedby="caption-attachment-211" class="wp-image-211 size-full" src="http://voixdaunis.com/wp-content/uploads/2018/02/orphee_stpierre_eldorado14.jpg" alt="Opéra Orphée et Eurydice à Oléron" width="511" height="350" srcset="https://voixdaunis.com/wp-content/uploads/2018/02/orphee_stpierre_eldorado14.jpg 511w, https://voixdaunis.com/wp-content/uploads/2018/02/orphee_stpierre_eldorado14-300x205.jpg 300w, https://voixdaunis.com/wp-content/uploads/2018/02/orphee_stpierre_eldorado14-438x300.jpg 438w" sizes="auto, (max-width: 511px) 100vw, 511px" /><p id="caption-attachment-211" class="wp-caption-text">Orphée et Eurydice de Gluck à l&#8217;île Oléron en 2014 : <span style="color: #800000;"><strong>150 choristes et enfants,</strong> <strong>24 musiciens professionnels et amateurs, une équipe artistique et technique professionnelle</strong></span> : PROJET OPERA de Voix d&#8217;Aunis programmé et organisé par l&#8217;école de musique Intercommunale de l&#8217;ïle d&#8217;Oléron pour son territoire (3 spectacles programmés, participation des enfants et adultes de l&#8217;école de musique, enfants de différentes structures scolaires de l’île, participation de différentes chorales et partenariat avec le conservatoire de musique de la CDC Aunis-Sud à Surgères. En 2015-2016, le PROJET OPERA a été reconduit sur l&#8217;île autour de Cocktail d&#8217;Opéra et en 2018, ce sera autour de la Grande Guerre et de Pace14-18, vers une conscience de Paix. Ces projets se sont aussi déroulés en Charente Maritime, sur le territoire de l&#8217;Aunis en milieu rural, de la Rochelle, et en Deux Sèvres. <span style="color: #800000;"><strong>PROJET OPERA, projet culturel, fédérateur, ouvert, permettant une dynamique de vivre ensemble, des projets de territoire, une découverte de l&#8217;opéra et du chant, rassemblant adultes, adolescents, enfants, structures locales pour un public amateur, connaisseur ou familial.</strong></span></p></div>

<p>Vous êtes programmateurs ou recherchez un spectacle lyrique  : Programmez des spectacles ou récitals lyriques :   Cliquez-ici : Tout public ou Jeune Public  Vous êtes une structure scolaire ou musicale, une structure active sur son territoire (communauté de communes, commune, association), &hellip; <a href="https://voixdaunis.com/index.php/spectacles-lyriques-et-projet-opera/">Continuer la lecture <span class="meta-nav">&rarr;</span></a></p>
