{"id":277,"date":"2018-02-24T01:56:46","date_gmt":"2018-02-24T00:56:46","guid":{"rendered":"http:\/\/voixdaunis.com\/?post_type=tribe_events&#038;p=277"},"modified":"2024-06-24T12:03:16","modified_gmt":"2024-06-24T10:03:16","slug":"concerts-meditatifs","status":"publish","type":"page","link":"https:\/\/voixdaunis.com\/index.php\/concerts-meditatifs\/","title":{"rendered":"Concerts m\u00e9ditatifs"},"content":{"rendered":"<p>Depuis 2018, Fabienne Cellier-Triguel avec la compagnie Voix d\u2019Aunis portent&nbsp; sa r\u00e9flexion sur une reliance entre le monde m\u00e9di\u00e9val et celui du XXe, \u00e0 travers le r\u00e9pertoire sacr\u00e9 et son implication dans le processus de m\u00e9ditation. Un &#8220;travail de laboratoire&#8221; a abouti sur un concept de concerts-m\u00e9ditations par le chant et le silence, avec plusieurs th\u00e8mes abord\u00e9s. Le programme puise dans les chants m\u00e9di\u00e9vaux et sacr\u00e9s, chants d&#8217;Hildegarde de Bingen, Cantigas de Santa Maria, Llibre Vermell de Montserrat, le Kyriale, antiennes gr\u00e9goriens et fonds ancien, choisis selon les th\u00e8mes&nbsp; et&nbsp; un protocole qui induit&nbsp; la m\u00e9ditation.<\/p>\n<p>M\u00e9ditation Coeur F\u00e9minin Sacre, M\u00e9ditation de la Paix, M\u00e9ditation d&#8217;Hildegarde, M\u00e9ditation du d\u00e9sert , M\u00e9ditation du coeur. Le programme des concerts m\u00e9ditatifs durent 50 minutes environ, mais selon le d\u00e9roulement de la m\u00e9ditation, l&#8217;exp\u00e9rience nous montre qu&#8217;il peut durer jusqu&#8217;\u00e0 1h15.<\/p>\n<p>Depuis 2021, Fabienne Cellier-Triguel travaille sur la cr\u00e9ation de m\u00e9ditation courte de 15 minutes sur un r\u00e9pertoire sp\u00e9cifique :<\/p>\n<p>M\u00e9ditation de la Lune, M\u00e9ditation de l&#8217;offertoire, M\u00e9ditation de l&#8217;ave Maria d&#8217;Hildegarde<\/p>\n<p><em>&#8220;Ce que j&#8217;ai \u00e0 coeur, est de partager ces exp\u00e9riences m\u00e9ditatives avec le public et ce&nbsp; r\u00e9pertoire sacr\u00e9 occidental, en s&#8217;appuyant sur les notions de m\u00e9ditations orientales, la qualit\u00e9 des silences, les portes d&#8217;entr\u00e9es \u00e0 la m\u00e9ditation du Kyriale, et la dynamique et la profondeur du mouvement m\u00e9lodique et figurative que l&#8217;\u00e9criture des neumes des moines du Xe nous r\u00e9v\u00e8lent dans le fonds ancien. J&#8217;aime ce temps sacr\u00e9 qui me semble si essentiel o\u00f9 je me laisse guider par la puissance de ses chants : j&#8217;ai choisi un banc de m\u00e9ditation d&#8217;origine africaine, un pupitre oriental,&nbsp; des instruments du n\u00e9pal et hindous, un tambour am\u00e9rindien, &nbsp; le r\u00e9pertoire occidental inspir\u00e9 en partie de l&#8217;orient, dans une pens\u00e9e universelle et bienveillante du chant, des silences sacr\u00e9s et de la m\u00e9ditation &#8220;<\/em> Fabienne Cellier-Triguel<\/p>\n<p>Nous avons \u00e9t\u00e9 surtout dans la recherche et la r\u00e9flexion ces &#8221; derni\u00e8res ann\u00e9es et des pr\u00e9sentations publiques. Nous sommes en train de pr\u00e9parer des vid\u00e9os et enregistrements pour illustrer ses concerts m\u00e9ditatifs.<\/p>\n<p><em><strong>F\u00e9minin sacr\u00e9<\/strong>,<\/em> Assumpta est Maria ; \u00e9l\u00e9vation de l&#8217;\u00e2me, de l&#8217;\u00eatre f\u00e9minin, douceur, bienveillance et mis\u00e9ricorde.<\/p>\n<p><em><strong>M\u00e9ditation de&nbsp; la Paix<\/strong>, un temps de Paix avec des chants d&#8217;Hildegarde, du manuscrit du XIIe de Chantilly, le kyriale XIII et le chant de l&#8217;offertoire.&nbsp;<\/em><\/p>\n<p><em><strong>Hildegarde<\/strong><\/em>, pr\u00e9sente un choix de chant de l&#8217;abbesse du XIIe si\u00e8cle, Hildegarde de Bingen, qui re\u00e7u en intuition divine les 77 chants de la&nbsp; sinfonia celeste et le dialogue des vertus de l&#8217;Ordo Virtutum : des hymnes \u00e0 la source cr\u00e9atrice et germinatrice qui relie l&#8217;homme \u00e0 la nature et au cosmos dans l&#8217;harmonie des sph\u00e8res et de l&#8217;\u00eatre.<\/p>\n<p><em><strong>Kyrie<\/strong><\/em>, se compose de pi\u00e8ces du Kyriale du r\u00e9pertoire gr\u00e9gorien. Le Kyrie eleison est une introduction \u00e0 la m\u00e9ditation, chant\u00e9 en d\u00e9but de l&#8217;office. Les pi\u00e8ces du Kyriale forment le r\u00e9pertoire commun (Kyrie, Gloria, sanctus, Agnus Dei) et prolonge dans l&#8217;int\u00e9riorit\u00e9, la paisibilit\u00e9, la mis\u00e9ricorde, la gr\u00e2ce et la joie.<\/p>\n<p><strong>M\u00e9ditation de la lune <\/strong>M\u00e9ditation &#8220;courte&#8221; sur le mot Luna. la m\u00e9lodie est extraite de l&#8217;offertoire Reges Tharsis. La dynamique des neumes, v\u00e9ritable calligraphie m\u00e9lodique, semble dessiner et impr\u00e9gner en nous la vibration chaleureuse de l&#8217;astre.<\/p>\n<p><strong>M\u00e9ditation de l&#8217;offertoire : <\/strong>M\u00e9ditation &#8220;courte&#8221;, les offertoires du fonds ancien m\u00e9di\u00e9val, sur diff\u00e9rents th\u00e8mes, sont une invitation \u00e0 la m\u00e9ditation, \u00e0 l&#8217;ancrage du sacr\u00e9 par la constitution de la m\u00e9lodie des neumes \u00e0 la fois figuratif et directif. L&#8217;alternance du chant et du silence am\u00e8ne \u00e0 ressentir le chemin int\u00e9rieur de l&#8217;offertoire.<\/p>\n<p><strong>Ave Maria d&#8217;Hildegarde de Bingen<\/strong> : M\u00e9ditation courte. En s&#8217;inspirant, de l&#8217;alternance du chant et du silence, la po\u00e9sie et les m\u00e9lodies d&#8217;Hildegarde trouvent alors leur \u00e9panouissement dans le coeur de celui qui \u00e9coute.<\/p>\n<p><strong>M\u00e9ditation des mantras : <\/strong>M\u00e9ditation courte qui utilise des antiennes gr\u00e9goriens comme des mantras, la forme sonore des phon\u00e8mes comme le&nbsp; om dans omnes, la forme des voyelles sacr\u00e9es, i, o, \u00e9, ou,&nbsp; la r\u00e9p\u00e9tition, le murmure int\u00e9rieur, le silence. C&#8217;est \u00e9galement cette m\u00e9ditation des mantras apr\u00e8s le kyriale qui am\u00e8ne dans la profondeur du voyage sonore des concerts m\u00e9ditatifs.<\/p>\n<p>Ses programmes peuvent&nbsp; \u00eatre pr\u00e9c\u00e9d\u00e9s d&#8217;ateliers et de stages.<\/p>\n<p><strong>Ateliers pour enfants :&nbsp;<\/strong>Chant m\u00e9di\u00e9val \/ yoga du son \/ Chant spontan\u00e9<\/p>\n<p><strong>Stages pour adultes :&nbsp;&nbsp;<\/strong>Chant gr\u00e9gorien \/ Hildegarde de Bingen \/ yoga du son\/ Chant spontan\u00e9 (improvisation)<\/p>\n<p><strong>Stages \u00e0 l&#8217;abbaye de Fontdouce : <a href=\"https:\/\/voixdaunis.com\/index.php\/category\/stage-de-chant\/\" target=\"_blank\" rel=\"noopener noreferrer\">cliquez ici<\/a> &nbsp;<\/strong><\/p>\n<p><strong>Artistes et intervenants<\/strong><\/p>\n<p><strong>Fabienne Cellier-Triguel<\/strong>&nbsp;: soprano, chant m\u00e9di\u00e9val (gr\u00e9gorien \/ Hildegarde de Bingen)<\/p>\n<p><strong>Christine Walh<\/strong> : professeur de danse et de Ta\u00efchi, chor\u00e9graphe, th\u00e9rapeute manuelle<\/p>\n<p><strong>Christina Larell<\/strong>&nbsp;: Hatha Yoga, yoga du son, chant des voyelles, mantra<\/p>\n<p><strong>Marie-Armelle Meunier<\/strong>, conf\u00e9renci\u00e8re, chanteuse, form\u00e9e au chant spontan\u00e9, auteur du livre \u00ab&nbsp;Marche \u00e0 suivre pour Compostelle&nbsp;\u00bb, \u00e9dition Montjoir.<\/p>\n<p><strong>&nbsp;CONCERT MEDITATIF F\u00e9minin Sacr\u00e9 &#8220;Assumpta est Maria&#8221; 21 et 22 sept. 2019 (17)<\/strong><\/p>\n","protected":false},"excerpt":{"rendered":"<p>Depuis 2018, Fabienne Cellier-Triguel avec la compagnie Voix d\u2019Aunis portent&nbsp; sa r\u00e9flexion sur une reliance entre le monde m\u00e9di\u00e9val et celui du XXe, \u00e0 travers le r\u00e9pertoire sacr\u00e9 et son implication dans le processus de m\u00e9ditation. Un &#8220;travail de laboratoire&#8221; &hellip; <a href=\"https:\/\/voixdaunis.com\/index.php\/concerts-meditatifs\/\">Continuer la lecture <span class=\"meta-nav\">&rarr;<\/span><\/a><\/p>\n","protected":false},"author":1,"featured_media":0,"parent":0,"menu_order":0,"comment_status":"open","ping_status":"closed","template":"","meta":{"footnotes":""},"class_list":["post-277","page","type-page","status-publish","hentry"],"_links":{"self":[{"href":"https:\/\/voixdaunis.com\/index.php\/wp-json\/wp\/v2\/pages\/277","targetHints":{"allow":["GET"]}}],"collection":[{"href":"https:\/\/voixdaunis.com\/index.php\/wp-json\/wp\/v2\/pages"}],"about":[{"href":"https:\/\/voixdaunis.com\/index.php\/wp-json\/wp\/v2\/types\/page"}],"author":[{"embeddable":true,"href":"https:\/\/voixdaunis.com\/index.php\/wp-json\/wp\/v2\/users\/1"}],"replies":[{"embeddable":true,"href":"https:\/\/voixdaunis.com\/index.php\/wp-json\/wp\/v2\/comments?post=277"}],"version-history":[{"count":7,"href":"https:\/\/voixdaunis.com\/index.php\/wp-json\/wp\/v2\/pages\/277\/revisions"}],"predecessor-version":[{"id":495,"href":"https:\/\/voixdaunis.com\/index.php\/wp-json\/wp\/v2\/pages\/277\/revisions\/495"}],"wp:attachment":[{"href":"https:\/\/voixdaunis.com\/index.php\/wp-json\/wp\/v2\/media?parent=277"}],"curies":[{"name":"wp","href":"https:\/\/api.w.org\/{rel}","templated":true}]}}

Concerts méditatifs

<p>Depuis 2018, Fabienne Cellier-Triguel avec la compagnie Voix d’Aunis portent&nbsp; sa réflexion sur une reliance entre le monde médiéval et celui du XXe, à travers le répertoire sacré et son implication dans le processus de méditation. Un &#8220;travail de laboratoire&#8221; a abouti sur un concept de concerts-méditations par le chant et le silence, avec plusieurs thèmes abordés. Le programme puise dans les chants médiévaux et sacrés, chants d&#8217;Hildegarde de Bingen, Cantigas de Santa Maria, Llibre Vermell de Montserrat, le Kyriale, antiennes grégoriens et fonds ancien, choisis selon les thèmes&nbsp; et&nbsp; un protocole qui induit&nbsp; la méditation.</p>
<p>Méditation Coeur Féminin Sacre, Méditation de la Paix, Méditation d&#8217;Hildegarde, Méditation du désert , Méditation du coeur. Le programme des concerts méditatifs durent 50 minutes environ, mais selon le déroulement de la méditation, l&#8217;expérience nous montre qu&#8217;il peut durer jusqu&#8217;à 1h15.</p>
<p>Depuis 2021, Fabienne Cellier-Triguel travaille sur la création de méditation courte de 15 minutes sur un répertoire spécifique :</p>
<p>Méditation de la Lune, Méditation de l&#8217;offertoire, Méditation de l&#8217;ave Maria d&#8217;Hildegarde</p>
<p><em>&#8220;Ce que j&#8217;ai à coeur, est de partager ces expériences méditatives avec le public et ce&nbsp; répertoire sacré occidental, en s&#8217;appuyant sur les notions de méditations orientales, la qualité des silences, les portes d&#8217;entrées à la méditation du Kyriale, et la dynamique et la profondeur du mouvement mélodique et figurative que l&#8217;écriture des neumes des moines du Xe nous révèlent dans le fonds ancien. J&#8217;aime ce temps sacré qui me semble si essentiel où je me laisse guider par la puissance de ses chants : j&#8217;ai choisi un banc de méditation d&#8217;origine africaine, un pupitre oriental,&nbsp; des instruments du népal et hindous, un tambour amérindien, &nbsp; le répertoire occidental inspiré en partie de l&#8217;orient, dans une pensée universelle et bienveillante du chant, des silences sacrés et de la méditation &#8220;</em> Fabienne Cellier-Triguel</p>
<p>Nous avons été surtout dans la recherche et la réflexion ces &#8221; dernières années et des présentations publiques. Nous sommes en train de préparer des vidéos et enregistrements pour illustrer ses concerts méditatifs.</p>
<p><em><strong>Féminin sacré</strong>,</em> Assumpta est Maria ; élévation de l&#8217;âme, de l&#8217;être féminin, douceur, bienveillance et miséricorde.</p>
<p><em><strong>Méditation de&nbsp; la Paix</strong>, un temps de Paix avec des chants d&#8217;Hildegarde, du manuscrit du XIIe de Chantilly, le kyriale XIII et le chant de l&#8217;offertoire.&nbsp;</em></p>
<p><em><strong>Hildegarde</strong></em>, présente un choix de chant de l&#8217;abbesse du XIIe siècle, Hildegarde de Bingen, qui reçu en intuition divine les 77 chants de la&nbsp; sinfonia celeste et le dialogue des vertus de l&#8217;Ordo Virtutum : des hymnes à la source créatrice et germinatrice qui relie l&#8217;homme à la nature et au cosmos dans l&#8217;harmonie des sphères et de l&#8217;être.</p>
<p><em><strong>Kyrie</strong></em>, se compose de pièces du Kyriale du répertoire grégorien. Le Kyrie eleison est une introduction à la méditation, chanté en début de l&#8217;office. Les pièces du Kyriale forment le répertoire commun (Kyrie, Gloria, sanctus, Agnus Dei) et prolonge dans l&#8217;intériorité, la paisibilité, la miséricorde, la grâce et la joie.</p>
<p><strong>Méditation de la lune </strong>Méditation &#8220;courte&#8221; sur le mot Luna. la mélodie est extraite de l&#8217;offertoire Reges Tharsis. La dynamique des neumes, véritable calligraphie mélodique, semble dessiner et imprégner en nous la vibration chaleureuse de l&#8217;astre.</p>
<p><strong>Méditation de l&#8217;offertoire : </strong>Méditation &#8220;courte&#8221;, les offertoires du fonds ancien médiéval, sur différents thèmes, sont une invitation à la méditation, à l&#8217;ancrage du sacré par la constitution de la mélodie des neumes à la fois figuratif et directif. L&#8217;alternance du chant et du silence amène à ressentir le chemin intérieur de l&#8217;offertoire.</p>
<p><strong>Ave Maria d&#8217;Hildegarde de Bingen</strong> : Méditation courte. En s&#8217;inspirant, de l&#8217;alternance du chant et du silence, la poésie et les mélodies d&#8217;Hildegarde trouvent alors leur épanouissement dans le coeur de celui qui écoute.</p>
<p><strong>Méditation des mantras : </strong>Méditation courte qui utilise des antiennes grégoriens comme des mantras, la forme sonore des phonèmes comme le&nbsp; om dans omnes, la forme des voyelles sacrées, i, o, é, ou,&nbsp; la répétition, le murmure intérieur, le silence. C&#8217;est également cette méditation des mantras après le kyriale qui amène dans la profondeur du voyage sonore des concerts méditatifs.</p>
<p>Ses programmes peuvent&nbsp; être précédés d&#8217;ateliers et de stages.</p>
<p><strong>Ateliers pour enfants :&nbsp;</strong>Chant médiéval / yoga du son / Chant spontané</p>
<p><strong>Stages pour adultes :&nbsp;&nbsp;</strong>Chant grégorien / Hildegarde de Bingen / yoga du son/ Chant spontané (improvisation)</p>
<p><strong>Stages à l&#8217;abbaye de Fontdouce : <a href="https://voixdaunis.com/index.php/category/stage-de-chant/" target="_blank" rel="noopener noreferrer">cliquez ici</a> &nbsp;</strong></p>
<p><strong>Artistes et intervenants</strong></p>
<p><strong>Fabienne Cellier-Triguel</strong>&nbsp;: soprano, chant médiéval (grégorien / Hildegarde de Bingen)</p>
<p><strong>Christine Walh</strong> : professeur de danse et de Taïchi, chorégraphe, thérapeute manuelle</p>
<p><strong>Christina Larell</strong>&nbsp;: Hatha Yoga, yoga du son, chant des voyelles, mantra</p>
<p><strong>Marie-Armelle Meunier</strong>, conférencière, chanteuse, formée au chant spontané, auteur du livre «&nbsp;Marche à suivre pour Compostelle&nbsp;», édition Montjoir.</p>
<p><strong>&nbsp;CONCERT MEDITATIF Féminin Sacré &#8220;Assumpta est Maria&#8221; 21 et 22 sept. 2019 (17)</strong></p>

<p>Depuis 2018, Fabienne Cellier-Triguel avec la compagnie Voix d’Aunis portent&nbsp; sa réflexion sur une reliance entre le monde médiéval et celui du XXe, à travers le répertoire sacré et son implication dans le processus de méditation. Un &#8220;travail de laboratoire&#8221; &hellip; <a href="https://voixdaunis.com/index.php/concerts-meditatifs/">Continuer la lecture <span class="meta-nav">&rarr;</span></a></p>
