{"id":488,"date":"2021-03-10T15:29:29","date_gmt":"2021-03-10T14:29:29","guid":{"rendered":"https:\/\/voixdaunis.com\/?page_id=488"},"modified":"2024-06-24T12:38:48","modified_gmt":"2024-06-24T10:38:48","slug":"videos-audios-tutoriels","status":"publish","type":"page","link":"https:\/\/voixdaunis.com\/index.php\/videos-audios-tutoriels\/","title":{"rendered":"Vid\u00e9os-audio"},"content":{"rendered":"\n<p>Vid\u00e9os sur la chaine Youtube de Voix d&#8217;Aunis : <a rel=\"noreferrer noopener\" href=\"https:\/\/www.youtube.com\/user\/voixdaunis\/videos\" data-type=\"URL\" data-id=\"https:\/\/www.youtube.com\/user\/voixdaunis\/videos\" target=\"_blank\">cliquez ici<\/a><\/p>\n\n\n\n<p>Vous trouverez sur notre cha\u00eene des vid\u00e9os des extraits de spectacles, concerts et conf\u00e9rences ainsi que des tutoriels de chant. <\/p>\n\n\n\n<p>Ecouter l\u2019album \u201cLes Roses de Picardie\u201d :\u00a0<a href=\"https:\/\/on.soundcloud.com\/4jCVsNPkk11jgqcC9\" target=\"_blank\" rel=\"noreferrer noopener\">https:\/\/on.soundcloud.com\/4jCVsNPkk11jgqcC9<\/a><\/p>\n\n\n\n<p>Hildegarde de Bingen, Hodie, extrait de la conf\u00e9rence &#8220;une femme hors-pair&#8221;<\/p>\n\n\n\n<figure class=\"wp-block-embed is-type-video is-provider-youtube wp-block-embed-youtube wp-embed-aspect-16-9 wp-has-aspect-ratio\"><div class=\"wp-block-embed__wrapper\">\n<iframe loading=\"lazy\" title=\"Hodie, Hildegarde de Bingen, chant extrait de la conf\u00e9rence\" width=\"584\" height=\"329\" src=\"https:\/\/www.youtube.com\/embed\/1qoUQT53_IU?feature=oembed\" frameborder=\"0\" allow=\"accelerometer; autoplay; clipboard-write; encrypted-media; gyroscope; picture-in-picture; web-share\" referrerpolicy=\"strict-origin-when-cross-origin\" allowfullscreen><\/iframe>\n<\/div><\/figure>\n\n\n\n<p>Wagner, air de Senta, extraits du spectacle et PROJETS OPERA, &#8220;Cocktail d&#8217;op\u00e9ra&#8221;<\/p>\n\n\n\n<figure class=\"wp-block-embed is-type-video is-provider-youtube wp-block-embed-youtube wp-embed-aspect-4-3 wp-has-aspect-ratio\"><div class=\"wp-block-embed__wrapper\">\n<iframe loading=\"lazy\" title=\"hollander\" width=\"584\" height=\"438\" src=\"https:\/\/www.youtube.com\/embed\/fNwls82697o?feature=oembed\" frameborder=\"0\" allow=\"accelerometer; autoplay; clipboard-write; encrypted-media; gyroscope; picture-in-picture; web-share\" referrerpolicy=\"strict-origin-when-cross-origin\" allowfullscreen><\/iframe>\n<\/div><\/figure>\n\n\n\n<p>Extrait d\u2019A Cappella autour d\u2019Hildegarde de Bingen, concert cont\u00e9 et chant\u00e9<\/p>\n\n\n\n<figure><iframe loading=\"lazy\" width=\"584\" height=\"329\" src=\"https:\/\/www.youtube.com\/embed\/4hz_dqHX0MY?feature=oembed\" allowfullscreen=\"\"><\/iframe><\/figure>\n\n\n\n<figure><iframe loading=\"lazy\" width=\"584\" height=\"329\" src=\"https:\/\/www.youtube.com\/embed\/DXfqSXY7r1c?start=2&amp;feature=oembed\" allowfullscreen=\"\"><\/iframe><\/figure>\n\n\n\n<p>Teaser du Concert A Cappella, cont\u00e9 et chant\u00e9<\/p>\n\n\n\n<figure><iframe loading=\"lazy\" width=\"584\" height=\"438\" src=\"https:\/\/www.youtube.com\/embed\/7vrw0yVbda4?feature=oembed\" allowfullscreen=\"\"><\/iframe><\/figure>\n\n\n\n<p>Extrait des Dames Troubadours : complainte cont\u00e9e et chant\u00e9e de la Blanche Biche<\/p>\n\n\n\n<figure><iframe loading=\"lazy\" width=\"584\" height=\"438\" src=\"https:\/\/www.youtube.com\/embed\/F3ZkZbOZLLA?feature=oembed\" allowfullscreen=\"\"><\/iframe><\/figure>\n\n\n\n<p>D\u2019autres extraits des Dames Troubadours :&nbsp;<a href=\"https:\/\/voixdaunis.com\/index.php\/dames-troubadours-femmes-du-xiie\/\" target=\"_blank\" rel=\"noreferrer noopener\">cliquez ici<\/a><\/p>\n\n\n\n<p><a href=\"https:\/\/voixdaunis.com\/wp-admin\/post.php?post=217&amp;action=edit\">Modifier<\/a><\/p>\n\n\n\n<p>Teaser Balade Lyrique<\/p>\n\n\n\n<p><a href=\"https:\/\/www.youtube.com\/watch?v=J8bFLNIaOp8\">https:\/\/www.youtube.com\/watch?v=J8bFLNIaOp8<\/a><\/p>\n\n\n\n<p>Teaser Contes et chants africains<\/p>\n\n\n\n<p><a href=\"https:\/\/www.youtube.com\/watch?v=2BPyDe2f9W4\">https:\/\/www.youtube.com\/watch?v=2BPyDe2f9W4<\/a><\/p>\n\n\n\n<p><br><\/p>\n","protected":false},"excerpt":{"rendered":"<p>Vid\u00e9os sur la chaine Youtube de Voix d&#8217;Aunis : cliquez ici Vous trouverez sur notre cha\u00eene des vid\u00e9os des extraits de spectacles, concerts et conf\u00e9rences ainsi que des tutoriels de chant. Ecouter l\u2019album \u201cLes Roses de Picardie\u201d :\u00a0https:\/\/on.soundcloud.com\/4jCVsNPkk11jgqcC9 Hildegarde de &hellip; <a href=\"https:\/\/voixdaunis.com\/index.php\/videos-audios-tutoriels\/\">Continuer la lecture <span class=\"meta-nav\">&rarr;<\/span><\/a><\/p>\n","protected":false},"author":1,"featured_media":0,"parent":0,"menu_order":0,"comment_status":"closed","ping_status":"closed","template":"","meta":{"footnotes":""},"class_list":["post-488","page","type-page","status-publish","hentry"],"_links":{"self":[{"href":"https:\/\/voixdaunis.com\/index.php\/wp-json\/wp\/v2\/pages\/488","targetHints":{"allow":["GET"]}}],"collection":[{"href":"https:\/\/voixdaunis.com\/index.php\/wp-json\/wp\/v2\/pages"}],"about":[{"href":"https:\/\/voixdaunis.com\/index.php\/wp-json\/wp\/v2\/types\/page"}],"author":[{"embeddable":true,"href":"https:\/\/voixdaunis.com\/index.php\/wp-json\/wp\/v2\/users\/1"}],"replies":[{"embeddable":true,"href":"https:\/\/voixdaunis.com\/index.php\/wp-json\/wp\/v2\/comments?post=488"}],"version-history":[{"count":15,"href":"https:\/\/voixdaunis.com\/index.php\/wp-json\/wp\/v2\/pages\/488\/revisions"}],"predecessor-version":[{"id":961,"href":"https:\/\/voixdaunis.com\/index.php\/wp-json\/wp\/v2\/pages\/488\/revisions\/961"}],"wp:attachment":[{"href":"https:\/\/voixdaunis.com\/index.php\/wp-json\/wp\/v2\/media?parent=488"}],"curies":[{"name":"wp","href":"https:\/\/api.w.org\/{rel}","templated":true}]}}