{"id":910,"date":"2024-06-24T10:46:26","date_gmt":"2024-06-24T08:46:26","guid":{"rendered":"https:\/\/voixdaunis.com\/?page_id=910"},"modified":"2024-06-24T12:01:04","modified_gmt":"2024-06-24T10:01:04","slug":"chanter-pendant-la-grande-guerre","status":"publish","type":"page","link":"https:\/\/voixdaunis.com\/index.php\/chanter-pendant-la-grande-guerre\/","title":{"rendered":"R\u00e9cital-Chanter pendant la grande guerre"},"content":{"rendered":"\n<p>Cr\u00e9\u00e9 pendant la comm\u00e9moration du centenaire 14-18, la compagnie Voix d&#8217;Aunis propose  le&nbsp;r\u00e9cital <strong>&#8220;Chanter pendant la Grande Guerre&#8221;<\/strong> (chants, lectures, visuels)&nbsp; !<\/p>\n\n\n\n<p>Interpr\u00e8tes : Fabienne Cellier-Triguel, soprano, chant et lecture ; Massanori Kobiki, piano.<\/p>\n\n\n\n<p>Les chansons et les textes du spectacle peuvent \u00eatre aussi inclus dans des actions culturelles et conduire \u00e0 un projet lyrique. <\/p>\n\n\n\n<p>En parall\u00e8le, Voix d&#8217;Aunis a cr\u00e9\u00e9 le spectacle Pace 14-18, vers une conscience de Paix, diffus\u00e9 avec l&#8217;\u00e9quipe artistique seule ou dans le cadre d&#8217;un projet lyrique avec choeurs et enfants. <\/p>\n\n\n\n<p>visiter le blog : <a href=\"https:\/\/1418enaunis.wordpress.com\/accueil\/blog\/\" target=\"_blank\" rel=\"noreferrer noopener\">https:\/\/1418enaunis.wordpress.com\/accueil\/blog\/<\/a><\/p>\n\n\n\n<p>Ecouter l&#8217;album &#8220;Les Roses de Picardie&#8221; : <a href=\"https:\/\/on.soundcloud.com\/4jCVsNPkk11jgqcC9\" target=\"_blank\" rel=\"noreferrer noopener\">https:\/\/on.soundcloud.com\/4jCVsNPkk11jgqcC9<\/a><\/p>\n\n\n\n<p>Spectacle seul ou&nbsp; projet p\u00e9dagogique avec des actions culturelles. (voir <a href=\"https:\/\/1418enaunis.wordpress.com\/\" target=\"_blank\" rel=\"noreferrer noopener\">le blog<\/a>)<\/p>\n\n\n\n<figure class=\"wp-block-image alignnone size-full wp-image-329\"><img loading=\"lazy\" decoding=\"async\" width=\"909\" height=\"672\" src=\"http:\/\/voixdaunis.com\/wp-content\/uploads\/2018\/03\/kobiki_cellier_triguel_dim.jpg\" alt=\"Festival d'Ol\u00e9ron 2017 Pianiste : Massanori Kobiki ; Soprano : Fabienne Cellier-Triguel ; Photo de Laurence Laporte \" class=\"wp-image-329\" srcset=\"https:\/\/voixdaunis.com\/wp-content\/uploads\/2018\/03\/kobiki_cellier_triguel_dim.jpg 909w, https:\/\/voixdaunis.com\/wp-content\/uploads\/2018\/03\/kobiki_cellier_triguel_dim-300x222.jpg 300w, https:\/\/voixdaunis.com\/wp-content\/uploads\/2018\/03\/kobiki_cellier_triguel_dim-768x568.jpg 768w, https:\/\/voixdaunis.com\/wp-content\/uploads\/2018\/03\/kobiki_cellier_triguel_dim-406x300.jpg 406w\" sizes=\"auto, (max-width: 909px) 100vw, 909px\" \/><figcaption class=\"wp-element-caption\">Pianiste : Massanori Kobiki ; Soprano : Fabienne Cellier-Triguel ; Photo de Laurence Laporte<\/figcaption><\/figure>\n\n\n\n<p>&#8211;<\/p>\n\n\n\n<p>Le r\u00e9cital &#8220;Chanter pendant la Grande Guerre&#8221;&nbsp;comprend des chants de Tourlourous (La Madelon, Bidasse)&nbsp; et de compositeurs (Ravel, Debussy&#8230;), des anecdotes et des lectures d&#8217;extraits du journal d&#8217;un soldat de Nieul sur Mer, Octave Prunier, musicien au 6 e r\u00e9giment durant 14-18 et des projections de Visuel, &nbsp;<strong>\u00ab&nbsp;A partir des images collect\u00e9es par le Fonds Audiovisuel de Recherche &#8211; collections Cosset, Grandvaux, Louis-No\u00ebl Chasseriaud et&nbsp;Orgerit&nbsp;\u00bb<\/strong>&nbsp; et \u00e0 partir des documents de la collection de Pierre-Louis Prunier (carnets de guerre, cartes postales et lettres).<\/p>\n\n\n\n<p><\/p>\n\n\n\n<figure class=\"wp-block-image alignnone size-full wp-image-328\"><img loading=\"lazy\" decoding=\"async\" width=\"756\" height=\"272\" src=\"http:\/\/voixdaunis.com\/wp-content\/uploads\/2018\/03\/fonds_prunier_poilus_14-18_recadree.jpg\" alt=\"collection de Pierre-Louis Prunier (carnets de guerre, cartes postales et lettres d'Octave Prunier (1891-1948), musicien du 6eme r\u00e9giment d'infanterie)\" class=\"wp-image-328\" srcset=\"https:\/\/voixdaunis.com\/wp-content\/uploads\/2018\/03\/fonds_prunier_poilus_14-18_recadree.jpg 756w, https:\/\/voixdaunis.com\/wp-content\/uploads\/2018\/03\/fonds_prunier_poilus_14-18_recadree-300x108.jpg 300w, https:\/\/voixdaunis.com\/wp-content\/uploads\/2018\/03\/fonds_prunier_poilus_14-18_recadree-500x180.jpg 500w\" sizes=\"auto, (max-width: 756px) 100vw, 756px\" \/><figcaption class=\"wp-element-caption\">collection de Pierre-Louis Prunier (carnets de guerre, cartes postales et lettres d&#8217;Octave Prunier (1891-1948), musicien du 6eme r\u00e9giment d&#8217;infanterie<\/figcaption><\/figure>\n\n\n<div class=\"wp-block-image\">\n<figure class=\"aligncenter\"><img loading=\"lazy\" decoding=\"async\" width=\"1240\" height=\"1754\" src=\"http:\/\/voixdaunis.com\/wp-content\/uploads\/2018\/03\/affiche_mars2018.jpg\" alt=\"\" class=\"wp-image-338\" srcset=\"https:\/\/voixdaunis.com\/wp-content\/uploads\/2018\/03\/affiche_mars2018.jpg 1240w, https:\/\/voixdaunis.com\/wp-content\/uploads\/2018\/03\/affiche_mars2018-212x300.jpg 212w, https:\/\/voixdaunis.com\/wp-content\/uploads\/2018\/03\/affiche_mars2018-768x1086.jpg 768w, https:\/\/voixdaunis.com\/wp-content\/uploads\/2018\/03\/affiche_mars2018-724x1024.jpg 724w\" sizes=\"auto, (max-width: 1240px) 100vw, 1240px\" \/><\/figure>\n<\/div>","protected":false},"excerpt":{"rendered":"<p>Cr\u00e9\u00e9 pendant la comm\u00e9moration du centenaire 14-18, la compagnie Voix d&#8217;Aunis propose le&nbsp;r\u00e9cital &#8220;Chanter pendant la Grande Guerre&#8221; (chants, lectures, visuels)&nbsp; ! Interpr\u00e8tes : Fabienne Cellier-Triguel, soprano, chant et lecture ; Massanori Kobiki, piano. Les chansons et les textes du &hellip; <a href=\"https:\/\/voixdaunis.com\/index.php\/chanter-pendant-la-grande-guerre\/\">Continuer la lecture <span class=\"meta-nav\">&rarr;<\/span><\/a><\/p>\n","protected":false},"author":1,"featured_media":0,"parent":0,"menu_order":0,"comment_status":"closed","ping_status":"closed","template":"","meta":{"footnotes":""},"class_list":["post-910","page","type-page","status-publish","hentry"],"_links":{"self":[{"href":"https:\/\/voixdaunis.com\/index.php\/wp-json\/wp\/v2\/pages\/910","targetHints":{"allow":["GET"]}}],"collection":[{"href":"https:\/\/voixdaunis.com\/index.php\/wp-json\/wp\/v2\/pages"}],"about":[{"href":"https:\/\/voixdaunis.com\/index.php\/wp-json\/wp\/v2\/types\/page"}],"author":[{"embeddable":true,"href":"https:\/\/voixdaunis.com\/index.php\/wp-json\/wp\/v2\/users\/1"}],"replies":[{"embeddable":true,"href":"https:\/\/voixdaunis.com\/index.php\/wp-json\/wp\/v2\/comments?post=910"}],"version-history":[{"count":4,"href":"https:\/\/voixdaunis.com\/index.php\/wp-json\/wp\/v2\/pages\/910\/revisions"}],"predecessor-version":[{"id":920,"href":"https:\/\/voixdaunis.com\/index.php\/wp-json\/wp\/v2\/pages\/910\/revisions\/920"}],"wp:attachment":[{"href":"https:\/\/voixdaunis.com\/index.php\/wp-json\/wp\/v2\/media?parent=910"}],"curies":[{"name":"wp","href":"https:\/\/api.w.org\/{rel}","templated":true}]}}

Récital-Chanter pendant la grande guerre

<p>Créé pendant la commémoration du centenaire 14-18, la compagnie Voix d&#8217;Aunis propose  le&nbsp;récital <strong>&#8220;Chanter pendant la Grande Guerre&#8221;</strong> (chants, lectures, visuels)&nbsp; !</p>



<p>Interprètes : Fabienne Cellier-Triguel, soprano, chant et lecture ; Massanori Kobiki, piano.</p>



<p>Les chansons et les textes du spectacle peuvent être aussi inclus dans des actions culturelles et conduire à un projet lyrique. </p>



<p>En parallèle, Voix d&#8217;Aunis a créé le spectacle Pace 14-18, vers une conscience de Paix, diffusé avec l&#8217;équipe artistique seule ou dans le cadre d&#8217;un projet lyrique avec choeurs et enfants. </p>



<p>visiter le blog : <a href="https://1418enaunis.wordpress.com/accueil/blog/" target="_blank" rel="noreferrer noopener">https://1418enaunis.wordpress.com/accueil/blog/</a></p>



<p>Ecouter l&#8217;album &#8220;Les Roses de Picardie&#8221; : <a href="https://on.soundcloud.com/4jCVsNPkk11jgqcC9" target="_blank" rel="noreferrer noopener">https://on.soundcloud.com/4jCVsNPkk11jgqcC9</a></p>



<p>Spectacle seul ou&nbsp; projet pédagogique avec des actions culturelles. (voir <a href="https://1418enaunis.wordpress.com/" target="_blank" rel="noreferrer noopener">le blog</a>)</p>



<figure class="wp-block-image alignnone size-full wp-image-329"><img loading="lazy" decoding="async" width="909" height="672" src="http://voixdaunis.com/wp-content/uploads/2018/03/kobiki_cellier_triguel_dim.jpg" alt="Festival d'Oléron 2017 Pianiste : Massanori Kobiki ; Soprano : Fabienne Cellier-Triguel ; Photo de Laurence Laporte " class="wp-image-329" srcset="https://voixdaunis.com/wp-content/uploads/2018/03/kobiki_cellier_triguel_dim.jpg 909w, https://voixdaunis.com/wp-content/uploads/2018/03/kobiki_cellier_triguel_dim-300x222.jpg 300w, https://voixdaunis.com/wp-content/uploads/2018/03/kobiki_cellier_triguel_dim-768x568.jpg 768w, https://voixdaunis.com/wp-content/uploads/2018/03/kobiki_cellier_triguel_dim-406x300.jpg 406w" sizes="auto, (max-width: 909px) 100vw, 909px" /><figcaption class="wp-element-caption">Pianiste : Massanori Kobiki ; Soprano : Fabienne Cellier-Triguel ; Photo de Laurence Laporte</figcaption></figure>



<p>&#8211;</p>



<p>Le récital &#8220;Chanter pendant la Grande Guerre&#8221;&nbsp;comprend des chants de Tourlourous (La Madelon, Bidasse)&nbsp; et de compositeurs (Ravel, Debussy&#8230;), des anecdotes et des lectures d&#8217;extraits du journal d&#8217;un soldat de Nieul sur Mer, Octave Prunier, musicien au 6 e régiment durant 14-18 et des projections de Visuel, &nbsp;<strong>«&nbsp;A partir des images collectées par le Fonds Audiovisuel de Recherche &#8211; collections Cosset, Grandvaux, Louis-Noël Chasseriaud et&nbsp;Orgerit&nbsp;»</strong>&nbsp; et à partir des documents de la collection de Pierre-Louis Prunier (carnets de guerre, cartes postales et lettres).</p>



<p></p>



<figure class="wp-block-image alignnone size-full wp-image-328"><img loading="lazy" decoding="async" width="756" height="272" src="http://voixdaunis.com/wp-content/uploads/2018/03/fonds_prunier_poilus_14-18_recadree.jpg" alt="collection de Pierre-Louis Prunier (carnets de guerre, cartes postales et lettres d'Octave Prunier (1891-1948), musicien du 6eme régiment d'infanterie)" class="wp-image-328" srcset="https://voixdaunis.com/wp-content/uploads/2018/03/fonds_prunier_poilus_14-18_recadree.jpg 756w, https://voixdaunis.com/wp-content/uploads/2018/03/fonds_prunier_poilus_14-18_recadree-300x108.jpg 300w, https://voixdaunis.com/wp-content/uploads/2018/03/fonds_prunier_poilus_14-18_recadree-500x180.jpg 500w" sizes="auto, (max-width: 756px) 100vw, 756px" /><figcaption class="wp-element-caption">collection de Pierre-Louis Prunier (carnets de guerre, cartes postales et lettres d&#8217;Octave Prunier (1891-1948), musicien du 6eme régiment d&#8217;infanterie</figcaption></figure>


<div class="wp-block-image">
<figure class="aligncenter"><img loading="lazy" decoding="async" width="1240" height="1754" src="http://voixdaunis.com/wp-content/uploads/2018/03/affiche_mars2018.jpg" alt="" class="wp-image-338" srcset="https://voixdaunis.com/wp-content/uploads/2018/03/affiche_mars2018.jpg 1240w, https://voixdaunis.com/wp-content/uploads/2018/03/affiche_mars2018-212x300.jpg 212w, https://voixdaunis.com/wp-content/uploads/2018/03/affiche_mars2018-768x1086.jpg 768w, https://voixdaunis.com/wp-content/uploads/2018/03/affiche_mars2018-724x1024.jpg 724w" sizes="auto, (max-width: 1240px) 100vw, 1240px" /></figure>
</div>

<p>Créé pendant la commémoration du centenaire 14-18, la compagnie Voix d&#8217;Aunis propose le&nbsp;récital &#8220;Chanter pendant la Grande Guerre&#8221; (chants, lectures, visuels)&nbsp; ! Interprètes : Fabienne Cellier-Triguel, soprano, chant et lecture ; Massanori Kobiki, piano. Les chansons et les textes du &hellip; <a href="https://voixdaunis.com/index.php/chanter-pendant-la-grande-guerre/">Continuer la lecture <span class="meta-nav">&rarr;</span></a></p>
