{"id":921,"date":"2024-06-24T11:06:47","date_gmt":"2024-06-24T09:06:47","guid":{"rendered":"https:\/\/voixdaunis.com\/?page_id=921"},"modified":"2024-06-24T12:29:19","modified_gmt":"2024-06-24T10:29:19","slug":"spectacle-pace-14-18-vers-une-conscience-de-paix","status":"publish","type":"page","link":"https:\/\/voixdaunis.com\/index.php\/spectacle-pace-14-18-vers-une-conscience-de-paix\/","title":{"rendered":"Spectacle-Pace 14-18, vers une conscience de Paix"},"content":{"rendered":"\n<p>Cr\u00e9\u00e9 pendant la comm\u00e9moration du centenaire, la compagnie Voix d&#8217;Aunis propose  le spectacle Pace 14-18, vers une conscience de Paix.<\/p>\n\n\n\n<figure class=\"wp-block-image size-full\"><img loading=\"lazy\" decoding=\"async\" width=\"1024\" height=\"768\" src=\"https:\/\/voixdaunis.com\/wp-content\/uploads\/2024\/06\/grande-guerre-les-amoureux-de-la-grande-guerre-1.jpg\" alt=\"\" class=\"wp-image-929\" srcset=\"https:\/\/voixdaunis.com\/wp-content\/uploads\/2024\/06\/grande-guerre-les-amoureux-de-la-grande-guerre-1.jpg 1024w, https:\/\/voixdaunis.com\/wp-content\/uploads\/2024\/06\/grande-guerre-les-amoureux-de-la-grande-guerre-1-300x225.jpg 300w, https:\/\/voixdaunis.com\/wp-content\/uploads\/2024\/06\/grande-guerre-les-amoureux-de-la-grande-guerre-1-768x576.jpg 768w, https:\/\/voixdaunis.com\/wp-content\/uploads\/2024\/06\/grande-guerre-les-amoureux-de-la-grande-guerre-1-400x300.jpg 400w\" sizes=\"auto, (max-width: 1024px) 100vw, 1024px\" \/><\/figure>\n\n\n\n<p>Une histoire d&#8217;amour pendant la grande guerre, inspir\u00e9e des lettres d&#8217;Octave Prunier. <\/p>\n\n\n\n<figure class=\"wp-block-image size-full\"><img loading=\"lazy\" decoding=\"async\" width=\"1024\" height=\"768\" src=\"https:\/\/voixdaunis.com\/wp-content\/uploads\/2024\/06\/soldat-fabienne-pace-14-18.jpg\" alt=\"\" class=\"wp-image-930\" srcset=\"https:\/\/voixdaunis.com\/wp-content\/uploads\/2024\/06\/soldat-fabienne-pace-14-18.jpg 1024w, https:\/\/voixdaunis.com\/wp-content\/uploads\/2024\/06\/soldat-fabienne-pace-14-18-300x225.jpg 300w, https:\/\/voixdaunis.com\/wp-content\/uploads\/2024\/06\/soldat-fabienne-pace-14-18-768x576.jpg 768w, https:\/\/voixdaunis.com\/wp-content\/uploads\/2024\/06\/soldat-fabienne-pace-14-18-400x300.jpg 400w\" sizes=\"auto, (max-width: 1024px) 100vw, 1024px\" \/><\/figure>\n\n\n\n<p>Les chansons et les textes du spectacle peuvent \u00eatre aussi inclus dans des actions culturelles et conduire \u00e0 un projet lyrique. <\/p>\n\n\n\n<figure class=\"wp-block-gallery has-nested-images columns-default is-cropped wp-block-gallery-1 is-layout-flex wp-block-gallery-is-layout-flex\">\n<figure class=\"wp-block-image size-full\"><img loading=\"lazy\" decoding=\"async\" width=\"1024\" height=\"768\" data-id=\"928\" src=\"https:\/\/voixdaunis.com\/wp-content\/uploads\/2024\/06\/grande-guerre-les-amoureux-enlaces.jpg\" alt=\"\" class=\"wp-image-928\" srcset=\"https:\/\/voixdaunis.com\/wp-content\/uploads\/2024\/06\/grande-guerre-les-amoureux-enlaces.jpg 1024w, https:\/\/voixdaunis.com\/wp-content\/uploads\/2024\/06\/grande-guerre-les-amoureux-enlaces-300x225.jpg 300w, https:\/\/voixdaunis.com\/wp-content\/uploads\/2024\/06\/grande-guerre-les-amoureux-enlaces-768x576.jpg 768w, https:\/\/voixdaunis.com\/wp-content\/uploads\/2024\/06\/grande-guerre-les-amoureux-enlaces-400x300.jpg 400w\" sizes=\"auto, (max-width: 1024px) 100vw, 1024px\" \/><\/figure>\n<\/figure>\n\n\n\n<p>visiter le blog : <a href=\"https:\/\/1418enaunis.wordpress.com\/accueil\/blog\/\" target=\"_blank\" rel=\"noreferrer noopener\">https:\/\/1418enaunis.wordpress.com\/accueil\/blog\/<\/a><\/p>\n\n\n\n<figure class=\"wp-block-image size-full\"><img loading=\"lazy\" decoding=\"async\" width=\"1024\" height=\"768\" src=\"https:\/\/voixdaunis.com\/wp-content\/uploads\/2024\/06\/le-soldat-pace-14-18-1.jpg\" alt=\"\" class=\"wp-image-936\" srcset=\"https:\/\/voixdaunis.com\/wp-content\/uploads\/2024\/06\/le-soldat-pace-14-18-1.jpg 1024w, https:\/\/voixdaunis.com\/wp-content\/uploads\/2024\/06\/le-soldat-pace-14-18-1-300x225.jpg 300w, https:\/\/voixdaunis.com\/wp-content\/uploads\/2024\/06\/le-soldat-pace-14-18-1-768x576.jpg 768w, https:\/\/voixdaunis.com\/wp-content\/uploads\/2024\/06\/le-soldat-pace-14-18-1-400x300.jpg 400w\" sizes=\"auto, (max-width: 1024px) 100vw, 1024px\" \/><\/figure>\n\n\n\n<p>Les chants sont tir\u00e9s du r\u00e9pertoire lyrique (Verdi-Bizet&#8230;), des compositeurs et compositrices de la grande guerre (C\u00e9cile Chaminade, Reynaldo Hahn&#8230;), et des chansons ( La pri\u00e8re des ruines, La Madelon,&#8230;)<\/p>\n\n\n\n<figure class=\"wp-block-embed is-type-video is-provider-youtube wp-block-embed-youtube\"><div class=\"wp-block-embed__wrapper\">\n<iframe loading=\"lazy\" title=\"Heure Exquise de Reynaldo Hahn, extrait du spectacle Pace 14-18 de Voix d&#039;Aunis\" width=\"584\" height=\"329\" src=\"https:\/\/www.youtube.com\/embed\/5ZLU17uTfa8?feature=oembed\" frameborder=\"0\" allow=\"accelerometer; autoplay; clipboard-write; encrypted-media; gyroscope; picture-in-picture; web-share\" referrerpolicy=\"strict-origin-when-cross-origin\" allowfullscreen><\/iframe>\n<\/div><\/figure>\n\n\n\n<p>Les lettres d&#8217;Octave Prunier Spectacle Pace 14-18, vers une conscience de Paix, (d&#8217;extraits du journal d&#8217;un soldat de Nieul sur Mer, Octave Prunier, musicien au 6 e r\u00e9giment durant 14-18 et des projections de Visuels. \u00a0<\/p>\n\n\n\n<p>Ecouter l&#8217;album &#8220;Les Roses de Picardie&#8221; : <a href=\"https:\/\/on.soundcloud.com\/4jCVsNPkk11jgqcC9\" target=\"_blank\" rel=\"noreferrer noopener\">https:\/\/on.soundcloud.com\/4jCVsNPkk11jgqcC9<\/a><\/p>\n\n\n\n<p>Photos du spectacles : cliquez<a href=\"https:\/\/1418enaunis.wordpress.com\/2018\/06\/18\/photos-du-spectacle\/\"> ici<\/a><\/p>\n\n\n\n<p>Documents : <strong>\u00ab\u00a0A partir des images collect\u00e9es par le Fonds Audiovisuel de Recherche &#8211; collections Cosset, Grandvaux, Louis-No\u00ebl Chasseriaud et\u00a0Orgerit\u00a0\u00bb<\/strong>\u00a0 et \u00e0 partir des documents de la collection de Pierre-Louis Prunier (carnets de guerre, cartes postales et lettres).<\/p>\n\n\n\n<p>Fabienne Cellier-Triguel Artiste lyrique, soprano,<br>conception artistique, \u00e9criture du spectacle<br>Sylvie Peteilh com\u00e9dienne Julien P\u00e9rignon com\u00e9dien<br>Gorka Robles Alegria artiste lyrique, t\u00e9nor<br>Massanori Kobiki piano 1 technicien<br>Georges Triguel : recherche d&#8217;archives<\/p>\n","protected":false},"excerpt":{"rendered":"<p>Cr\u00e9\u00e9 pendant la comm\u00e9moration du centenaire, la compagnie Voix d&#8217;Aunis propose le spectacle Pace 14-18, vers une conscience de Paix. Une histoire d&#8217;amour pendant la grande guerre, inspir\u00e9e des lettres d&#8217;Octave Prunier. Les chansons et les textes du spectacle peuvent &hellip; <a href=\"https:\/\/voixdaunis.com\/index.php\/spectacle-pace-14-18-vers-une-conscience-de-paix\/\">Continuer la lecture <span class=\"meta-nav\">&rarr;<\/span><\/a><\/p>\n","protected":false},"author":1,"featured_media":0,"parent":0,"menu_order":0,"comment_status":"closed","ping_status":"closed","template":"","meta":{"footnotes":""},"class_list":["post-921","page","type-page","status-publish","hentry"],"_links":{"self":[{"href":"https:\/\/voixdaunis.com\/index.php\/wp-json\/wp\/v2\/pages\/921","targetHints":{"allow":["GET"]}}],"collection":[{"href":"https:\/\/voixdaunis.com\/index.php\/wp-json\/wp\/v2\/pages"}],"about":[{"href":"https:\/\/voixdaunis.com\/index.php\/wp-json\/wp\/v2\/types\/page"}],"author":[{"embeddable":true,"href":"https:\/\/voixdaunis.com\/index.php\/wp-json\/wp\/v2\/users\/1"}],"replies":[{"embeddable":true,"href":"https:\/\/voixdaunis.com\/index.php\/wp-json\/wp\/v2\/comments?post=921"}],"version-history":[{"count":7,"href":"https:\/\/voixdaunis.com\/index.php\/wp-json\/wp\/v2\/pages\/921\/revisions"}],"predecessor-version":[{"id":955,"href":"https:\/\/voixdaunis.com\/index.php\/wp-json\/wp\/v2\/pages\/921\/revisions\/955"}],"wp:attachment":[{"href":"https:\/\/voixdaunis.com\/index.php\/wp-json\/wp\/v2\/media?parent=921"}],"curies":[{"name":"wp","href":"https:\/\/api.w.org\/{rel}","templated":true}]}}

<p>Créé pendant la commémoration du centenaire, la compagnie Voix d&#8217;Aunis propose  le spectacle Pace 14-18, vers une conscience de Paix.</p>



<figure class="wp-block-image size-full"><img loading="lazy" decoding="async" width="1024" height="768" src="https://voixdaunis.com/wp-content/uploads/2024/06/grande-guerre-les-amoureux-de-la-grande-guerre-1.jpg" alt="" class="wp-image-929" srcset="https://voixdaunis.com/wp-content/uploads/2024/06/grande-guerre-les-amoureux-de-la-grande-guerre-1.jpg 1024w, https://voixdaunis.com/wp-content/uploads/2024/06/grande-guerre-les-amoureux-de-la-grande-guerre-1-300x225.jpg 300w, https://voixdaunis.com/wp-content/uploads/2024/06/grande-guerre-les-amoureux-de-la-grande-guerre-1-768x576.jpg 768w, https://voixdaunis.com/wp-content/uploads/2024/06/grande-guerre-les-amoureux-de-la-grande-guerre-1-400x300.jpg 400w" sizes="auto, (max-width: 1024px) 100vw, 1024px" /></figure>



<p>Une histoire d&#8217;amour pendant la grande guerre, inspirée des lettres d&#8217;Octave Prunier. </p>



<figure class="wp-block-image size-full"><img loading="lazy" decoding="async" width="1024" height="768" src="https://voixdaunis.com/wp-content/uploads/2024/06/soldat-fabienne-pace-14-18.jpg" alt="" class="wp-image-930" srcset="https://voixdaunis.com/wp-content/uploads/2024/06/soldat-fabienne-pace-14-18.jpg 1024w, https://voixdaunis.com/wp-content/uploads/2024/06/soldat-fabienne-pace-14-18-300x225.jpg 300w, https://voixdaunis.com/wp-content/uploads/2024/06/soldat-fabienne-pace-14-18-768x576.jpg 768w, https://voixdaunis.com/wp-content/uploads/2024/06/soldat-fabienne-pace-14-18-400x300.jpg 400w" sizes="auto, (max-width: 1024px) 100vw, 1024px" /></figure>



<p>Les chansons et les textes du spectacle peuvent être aussi inclus dans des actions culturelles et conduire à un projet lyrique. </p>



<figure class="wp-block-gallery has-nested-images columns-default is-cropped wp-block-gallery-1 is-layout-flex wp-block-gallery-is-layout-flex">
<figure class="wp-block-image size-full"><img loading="lazy" decoding="async" width="1024" height="768" data-id="928" src="https://voixdaunis.com/wp-content/uploads/2024/06/grande-guerre-les-amoureux-enlaces.jpg" alt="" class="wp-image-928" srcset="https://voixdaunis.com/wp-content/uploads/2024/06/grande-guerre-les-amoureux-enlaces.jpg 1024w, https://voixdaunis.com/wp-content/uploads/2024/06/grande-guerre-les-amoureux-enlaces-300x225.jpg 300w, https://voixdaunis.com/wp-content/uploads/2024/06/grande-guerre-les-amoureux-enlaces-768x576.jpg 768w, https://voixdaunis.com/wp-content/uploads/2024/06/grande-guerre-les-amoureux-enlaces-400x300.jpg 400w" sizes="auto, (max-width: 1024px) 100vw, 1024px" /></figure>
</figure>



<p>visiter le blog : <a href="https://1418enaunis.wordpress.com/accueil/blog/" target="_blank" rel="noreferrer noopener">https://1418enaunis.wordpress.com/accueil/blog/</a></p>



<figure class="wp-block-image size-full"><img loading="lazy" decoding="async" width="1024" height="768" src="https://voixdaunis.com/wp-content/uploads/2024/06/le-soldat-pace-14-18-1.jpg" alt="" class="wp-image-936" srcset="https://voixdaunis.com/wp-content/uploads/2024/06/le-soldat-pace-14-18-1.jpg 1024w, https://voixdaunis.com/wp-content/uploads/2024/06/le-soldat-pace-14-18-1-300x225.jpg 300w, https://voixdaunis.com/wp-content/uploads/2024/06/le-soldat-pace-14-18-1-768x576.jpg 768w, https://voixdaunis.com/wp-content/uploads/2024/06/le-soldat-pace-14-18-1-400x300.jpg 400w" sizes="auto, (max-width: 1024px) 100vw, 1024px" /></figure>



<p>Les chants sont tirés du répertoire lyrique (Verdi-Bizet&#8230;), des compositeurs et compositrices de la grande guerre (Cécile Chaminade, Reynaldo Hahn&#8230;), et des chansons ( La prière des ruines, La Madelon,&#8230;)</p>



<figure class="wp-block-embed is-type-video is-provider-youtube wp-block-embed-youtube"><div class="wp-block-embed__wrapper">
<iframe loading="lazy" title="Heure Exquise de Reynaldo Hahn, extrait du spectacle Pace 14-18 de Voix d&#039;Aunis" width="584" height="329" src="https://www.youtube.com/embed/5ZLU17uTfa8?feature=oembed" frameborder="0" allow="accelerometer; autoplay; clipboard-write; encrypted-media; gyroscope; picture-in-picture; web-share" referrerpolicy="strict-origin-when-cross-origin" allowfullscreen></iframe>
</div></figure>



<p>Les lettres d&#8217;Octave Prunier Spectacle Pace 14-18, vers une conscience de Paix, (d&#8217;extraits du journal d&#8217;un soldat de Nieul sur Mer, Octave Prunier, musicien au 6 e régiment durant 14-18 et des projections de Visuels.  </p>



<p>Ecouter l&#8217;album &#8220;Les Roses de Picardie&#8221; : <a href="https://on.soundcloud.com/4jCVsNPkk11jgqcC9" target="_blank" rel="noreferrer noopener">https://on.soundcloud.com/4jCVsNPkk11jgqcC9</a></p>



<p>Photos du spectacles : cliquez<a href="https://1418enaunis.wordpress.com/2018/06/18/photos-du-spectacle/"> ici</a></p>



<p>Documents : <strong>« A partir des images collectées par le Fonds Audiovisuel de Recherche &#8211; collections Cosset, Grandvaux, Louis-Noël Chasseriaud et Orgerit »</strong>  et à partir des documents de la collection de Pierre-Louis Prunier (carnets de guerre, cartes postales et lettres).</p>



<p>Fabienne Cellier-Triguel Artiste lyrique, soprano,<br>conception artistique, écriture du spectacle<br>Sylvie Peteilh comédienne Julien Pérignon comédien<br>Gorka Robles Alegria artiste lyrique, ténor<br>Massanori Kobiki piano 1 technicien<br>Georges Triguel : recherche d&#8217;archives</p>

<p>Créé pendant la commémoration du centenaire, la compagnie Voix d&#8217;Aunis propose le spectacle Pace 14-18, vers une conscience de Paix. Une histoire d&#8217;amour pendant la grande guerre, inspirée des lettres d&#8217;Octave Prunier. Les chansons et les textes du spectacle peuvent &hellip; <a href="https://voixdaunis.com/index.php/spectacle-pace-14-18-vers-une-conscience-de-paix/">Continuer la lecture <span class="meta-nav">&rarr;</span></a></p>
